{"id":658,"date":"2026-03-29T00:06:19","date_gmt":"2026-03-28T17:06:19","guid":{"rendered":"https:\/\/jaybillards.azdigi.shop\/?post_type=product&#038;p=658"},"modified":"2026-04-07T23:57:03","modified_gmt":"2026-04-07T16:57:03","slug":"gay-bi-a-peri-p-d11","status":"publish","type":"product","link":"https:\/\/jaybillards.azdigi.shop\/?product=gay-bi-a-peri-p-d11","title":{"rendered":"G\u1eady Bi a Peri P-D11"},"content":{"rendered":"<h3 data-section-id=\"v26i4n\" data-start=\"420\" data-end=\"449\"><span role=\"text\">G\u1eady Bi a Peri P-D11<br \/>\n\ud83d\udd27 <strong data-start=\"427\" data-end=\"449\">Th\u00f4ng s\u1ed1 k\u1ef9 thu\u1eadt:<\/strong><\/span><\/h3>\n<ul data-start=\"450\" data-end=\"874\">\n<li data-section-id=\"e3as7m\" data-start=\"450\" data-end=\"510\"><strong data-start=\"452\" data-end=\"460\">Ren:<\/strong> Radial \u2013 gi\u00fap k\u1ebft n\u1ed1i ch\u1eafc ch\u1eafn, truy\u1ec1n l\u1ef1c t\u1ed1t<\/li>\n<li data-section-id=\"1yew9y3\" data-start=\"511\" data-end=\"560\"><strong data-start=\"513\" data-end=\"529\">Tr\u1ecdng l\u01b0\u1ee3ng:<\/strong> T\u00f9y ch\u1ec9nh t\u1eeb 18.5oz \u2013 19.5oz<\/li>\n<li data-section-id=\"1fxbnew\" data-start=\"561\" data-end=\"608\"><strong data-start=\"563\" data-end=\"582\">Chi\u1ec1u d\u00e0i ng\u1ecdn:<\/strong> 29 inch (chu\u1ea9n thi \u0111\u1ea5u)<\/li>\n<li data-section-id=\"oe6p93\" data-start=\"609\" data-end=\"685\"><strong data-start=\"611\" data-end=\"630\">Ch\u1ea5t li\u1ec7u ng\u1ecdn:<\/strong> P20 \u2013 g\u1ed7 phong B\u1eafc M\u1ef9, cho \u0111\u1ed9 c\u1ee9ng v\u00e0 \u0111\u1ed9 \u1ed5n \u0111\u1ecbnh cao<\/li>\n<li data-section-id=\"1j9g38r\" data-start=\"686\" data-end=\"743\"><strong data-start=\"688\" data-end=\"700\">Tay c\u1ea7m:<\/strong> B\u1ecdc da m\u00e0u \u0111en \u2013 \u00eam tay, ch\u1ed1ng tr\u01b0\u1ee3t t\u1ed1t<\/li>\n<li data-section-id=\"1keg3cv\" data-start=\"744\" data-end=\"820\"><strong data-start=\"746\" data-end=\"758\">\u0110\u1ea7u t\u1ea9y:<\/strong> Peri Black Ice 12.5mm \u2013 b\u00e1m bi t\u1ed1t, ki\u1ec3m so\u00e1t xo\u00e1y hi\u1ec7u qu\u1ea3<\/li>\n<li data-section-id=\"10b9v9n\" data-start=\"821\" data-end=\"874\"><strong data-start=\"823\" data-end=\"832\">Ph\u00edp:<\/strong> Juma \u2013 \u0111\u1ed9 b\u1ec1n cao, truy\u1ec1n l\u1ef1c chu\u1ea9n x\u00e1c\n<div class=\"flex flex-col text-sm pb-25\">\n<section class=\"text-token-text-primary w-full focus:outline-none [--shadow-height:45px] has-data-writing-block:pointer-events-none has-data-writing-block:-mt-(--shadow-height) has-data-writing-block:pt-(--shadow-height) [&amp;:has([data-writing-block])&gt;*]:pointer-events-auto scroll-mt-(--header-height)\" dir=\"auto\" data-turn-id=\"21e2a7ec-83ad-4071-bd26-e6b7ca41c0da\" data-testid=\"conversation-turn-1\" data-scroll-anchor=\"false\" data-turn=\"user\"><\/section>\n<section class=\"text-token-text-primary w-full focus:outline-none [--shadow-height:45px] has-data-writing-block:pointer-events-none has-data-writing-block:-mt-(--shadow-height) has-data-writing-block:pt-(--shadow-height) [&amp;:has([data-writing-block])&gt;*]:pointer-events-auto scroll-mt-[calc(var(--header-height)+min(200px,max(70px,20svh)))]\" dir=\"auto\" data-turn-id=\"request-WEB:d9046e28-3fdd-4368-aaa0-0bfe4bbd107f-0\" data-testid=\"conversation-turn-2\" data-scroll-anchor=\"true\" data-turn=\"assistant\">\n<div class=\"text-base my-auto mx-auto pb-10 [--thread-content-margin:var(--thread-content-margin-xs,calc(var(--spacing)*4))] @w-sm\/main:[--thread-content-margin:var(--thread-content-margin-sm,calc(var(--spacing)*6))] @w-lg\/main:[--thread-content-margin:var(--thread-content-margin-lg,calc(var(--spacing)*16))] px-(--thread-content-margin)\">\n<div class=\"[--thread-content-max-width:40rem] @w-lg\/main:[--thread-content-max-width:48rem] mx-auto max-w-(--thread-content-max-width) flex-1 group\/turn-messages focus-visible:outline-hidden relative flex w-full min-w-0 flex-col agent-turn\">\n<div class=\"flex max-w-full flex-col gap-4 grow\">\n<div class=\"min-h-8 text-message relative flex w-full flex-col items-end gap-2 text-start break-words whitespace-normal outline-none keyboard-focused:focus-ring [.text-message+&amp;]:mt-1\" dir=\"auto\" tabindex=\"0\" data-message-author-role=\"assistant\" data-message-id=\"9dd14ae1-10e1-44aa-ab92-259fdea0b487\" data-message-model-slug=\"gpt-5-3\" data-turn-start-message=\"true\">\n<div class=\"flex w-full flex-col gap-1 empty:hidden\">\n<div class=\"markdown prose dark:prose-invert w-full wrap-break-word light markdown-new-styling\">\n<p data-start=\"0\" data-end=\"359\">C\u00e2y c\u01a1 \u0111\u01b0\u1ee3c thi\u1ebft k\u1ebf v\u1edbi ti\u00eau chu\u1ea9n k\u1ef9 thu\u1eadt cao, ph\u00f9 h\u1ee3p cho c\u1ea3 ng\u01b0\u1eddi ch\u01a1i b\u00e1n chuy\u00ean l\u1eabn chuy\u00ean nghi\u1ec7p. V\u1edbi ren Radial, c\u01a1 mang l\u1ea1i kh\u1ea3 n\u0103ng k\u1ebft n\u1ed1i c\u1ef1c k\u1ef3 ch\u1eafc ch\u1eafn gi\u1eefa c\u00e1n v\u00e0 ng\u1ecdn, gi\u00fap truy\u1ec1n l\u1ef1c t\u1ed1i \u01b0u trong t\u1eebng c\u00fa \u0111\u00e1nh. \u0110i\u1ec1u n\u00e0y kh\u00f4ng ch\u1ec9 c\u1ea3i thi\u1ec7n \u0111\u1ed9 ch\u00ednh x\u00e1c m\u00e0 c\u00f2n mang l\u1ea1i c\u1ea3m gi\u00e1c \u0111\u00e1nh \u1ed5n \u0111\u1ecbnh v\u00e0 \u0111\u1ea7m tay h\u01a1n so v\u1edbi nhi\u1ec1u lo\u1ea1i ren th\u00f4ng th\u01b0\u1eddng.<\/p>\n<p data-start=\"361\" data-end=\"682\">Tr\u1ecdng l\u01b0\u1ee3ng c\u1ee7a c\u01a1 c\u00f3 th\u1ec3 t\u00f9y ch\u1ec9nh t\u1eeb 18.5oz \u0111\u1ebfn 19.5oz, cho ph\u00e9p ng\u01b0\u1eddi ch\u01a1i linh ho\u1ea1t l\u1ef1a ch\u1ecdn theo phong c\u00e1ch c\u00e1 nh\u00e2n. D\u00f9 b\u1ea1n th\u00edch l\u1ed1i \u0111\u00e1nh nh\u1eb9 nh\u00e0ng, ki\u1ec3m so\u00e1t hay m\u1ea1nh m\u1ebd, d\u1ee9t kho\u00e1t, c\u00e2y c\u01a1 v\u1eabn c\u00f3 th\u1ec3 \u0111\u00e1p \u1ee9ng t\u1ed1t. Chi\u1ec1u d\u00e0i ng\u1ecdn ti\u00eau chu\u1ea9n 29 inch gi\u00fap \u0111\u1ea3m b\u1ea3o s\u1ef1 c\u00e2n b\u1eb1ng v\u00e0 ph\u00f9 h\u1ee3p v\u1edbi quy chu\u1ea9n thi \u0111\u1ea5u hi\u1ec7n nay.<\/p>\n<p data-start=\"684\" data-end=\"998\">Ng\u1ecdn c\u01a1 s\u1eed d\u1ee5ng ch\u1ea5t li\u1ec7u P20 \u2013 g\u1ed7 phong B\u1eafc M\u1ef9 cao c\u1ea5p, n\u1ed5i b\u1eadt v\u1edbi \u0111\u1ed9 c\u1ee9ng v\u00e0 \u0111\u1ed9 \u1ed5n \u0111\u1ecbnh cao. Nh\u1edd \u0111\u00f3, \u0111\u01b0\u1eddng c\u01a1 \u0111i ch\u00ednh x\u00e1c h\u01a1n, h\u1ea1n ch\u1ebf rung v\u00e0 sai l\u1ec7ch khi va ch\u1ea1m. Tay c\u1ea7m \u0111\u01b0\u1ee3c b\u1ecdc da m\u00e0u \u0111en, mang l\u1ea1i c\u1ea3m gi\u00e1c \u00eam \u00e1i, ch\u1ed1ng tr\u01b0\u1ee3t hi\u1ec7u qu\u1ea3, \u0111\u1eb7c bi\u1ec7t h\u1eefu \u00edch trong nh\u1eefng tr\u1eadn \u0111\u1ea5u k\u00e9o d\u00e0i ho\u1eb7c khi tay ra m\u1ed3 h\u00f4i.<\/p>\n<p data-start=\"1000\" data-end=\"1390\" data-is-last-node=\"\" data-is-only-node=\"\">\u0110\u1ea7u t\u1ea9y Peri Black Ice k\u00edch th\u01b0\u1edbc 12.5mm gi\u00fap t\u0103ng \u0111\u1ed9 b\u00e1m bi, h\u1ed7 tr\u1ee3 ng\u01b0\u1eddi ch\u01a1i th\u1ef1c hi\u1ec7n c\u00e1c k\u1ef9 thu\u1eadt xo\u00e1y ph\u1ee9c t\u1ea1p m\u1ed9t c\u00e1ch d\u1ec5 d\u00e0ng. K\u1ebft h\u1ee3p v\u1edbi ph\u00edp Juma c\u00f3 \u0111\u1ed9 b\u1ec1n cao v\u00e0 kh\u1ea3 n\u0103ng truy\u1ec1n l\u1ef1c chu\u1ea9n x\u00e1c, t\u1ed5ng th\u1ec3 c\u00e2y c\u01a1 mang l\u1ea1i hi\u1ec7u su\u1ea5t v\u01b0\u1ee3t tr\u1ed9i, \u0111\u1ed9 \u1ed5n \u0111\u1ecbnh cao v\u00e0 c\u1ea3m gi\u00e1c \u0111\u00e1nh c\u1ef1c k\u1ef3 ch\u00e2n th\u1ef1c. \u0110\u00e2y ch\u1eafc ch\u1eafn l\u00e0 l\u1ef1a ch\u1ecdn \u0111\u00e1ng c\u00e2n nh\u1eafc cho nh\u1eefng ai \u0111ang t\u00ecm ki\u1ebfm m\u1ed9t c\u00e2y c\u01a1 ch\u1ea5t l\u01b0\u1ee3ng.<\/p>\n<\/div>\n<\/div>\n<\/div>\n<\/div>\n<div class=\"z-0 flex min-h-[46px] justify-start\"><\/div>\n<div class=\"mt-3 w-full empty:hidden\">\n<div class=\"text-center\"><\/div>\n<\/div>\n<\/div>\n<\/div>\n<\/section>\n<\/div>\n<div class=\"pointer-events-none h-px w-px absolute bottom-0\" aria-hidden=\"true\" data-edge=\"true\"><\/div>\n<\/li>\n<\/ul>\n","protected":false},"excerpt":{"rendered":"<p>G\u1eady Bi a Peri P-D11 \ud83d\udd27 Th\u00f4ng s\u1ed1 k\u1ef9 thu\u1eadt: Ren: Radial \u2013 gi\u00fap k\u1ebft n\u1ed1i ch\u1eafc ch\u1eafn, truy\u1ec1n l\u1ef1c t\u1ed1t Tr\u1ecdng l\u01b0\u1ee3ng: T\u00f9y ch\u1ec9nh t\u1eeb 18.5oz \u2013 19.5oz Chi\u1ec1u d\u00e0i ng\u1ecdn: 29 inch (chu\u1ea9n thi \u0111\u1ea5u) Ch\u1ea5t li\u1ec7u ng\u1ecdn: P20 \u2013 g\u1ed7 phong B\u1eafc M\u1ef9, cho \u0111\u1ed9 c\u1ee9ng v\u00e0 \u0111\u1ed9 \u1ed5n \u0111\u1ecbnh cao Tay [&#8230;]\n","protected":false},"featured_media":1322,"comment_status":"open","ping_status":"closed","template":"","meta":[],"product_brand":[],"product_cat":[24],"product_tag":[107],"class_list":{"0":"post-658","1":"product","2":"type-product","3":"status-publish","4":"has-post-thumbnail","6":"product_cat-peri","7":"product_tag-gay-bi-a-peri-p-d11","9":"first","10":"instock","11":"shipping-taxable","12":"purchasable","13":"product-type-variable"},"yoast_head":"<!-- This site is optimized with the Yoast SEO plugin v27.2 - https:\/\/yoast.com\/product\/yoast-seo-wordpress\/ -->\n<title>G\u1eady Bi a Peri P-D11 - Jay Billiards - Chuy\u00ean g\u1eady Bida ch\u00ednh h\u00e3ng gi\u00e1 t\u1ed1t<\/title>\n<meta name=\"description\" content=\"G\u1eady Bi a Peri P-D11 \u00b7 Ch\u1ea5t li\u1ec7u chu\u00f4i : G\u1ed7 phong cao c\u1ea5p \u00b7 Ch\u1ea5t li\u1ec7u ng\u1ecdn: M\u1ed9c \u00b7 Ren: Radian \u00b7 Ng\u1ecdn: M\u1ed9c \u00b7 K\u00edch th\u01b0\u1edbc ng\u1ecdn: 12.75mm \u00b7 Tay c\u1ea7m: Tay b\u1ecdc ch\u1ec9 ...\" \/>\n<meta name=\"robots\" content=\"index, follow, max-snippet:-1, max-image-preview:large, max-video-preview:-1\" \/>\n<link rel=\"canonical\" href=\"https:\/\/jaybillards.azdigi.shop\/?product=gay-bi-a-peri-p-d11\" \/>\n<meta property=\"og:locale\" content=\"vi_VN\" \/>\n<meta property=\"og:type\" content=\"article\" \/>\n<meta property=\"og:title\" content=\"G\u1eady Bi a Peri P-D11 - Jay Billiards - Chuy\u00ean g\u1eady Bida ch\u00ednh h\u00e3ng gi\u00e1 t\u1ed1t\" \/>\n<meta property=\"og:description\" content=\"G\u1eady Bi a Peri P-D11 \u00b7 Ch\u1ea5t li\u1ec7u chu\u00f4i : G\u1ed7 phong cao c\u1ea5p \u00b7 Ch\u1ea5t li\u1ec7u ng\u1ecdn: M\u1ed9c \u00b7 Ren: Radian \u00b7 Ng\u1ecdn: M\u1ed9c \u00b7 K\u00edch th\u01b0\u1edbc ng\u1ecdn: 12.75mm \u00b7 Tay c\u1ea7m: Tay b\u1ecdc ch\u1ec9 ...\" \/>\n<meta property=\"og:url\" content=\"https:\/\/jaybillards.azdigi.shop\/?product=gay-bi-a-peri-p-d11\" \/>\n<meta property=\"og:site_name\" content=\"Jay Billiards - Chuy\u00ean g\u1eady Bida ch\u00ednh h\u00e3ng gi\u00e1 t\u1ed1t\" \/>\n<meta property=\"article:modified_time\" content=\"2026-04-07T16:57:03+00:00\" \/>\n<meta property=\"og:image\" content=\"https:\/\/jaybillards.azdigi.shop\/wp-content\/uploads\/2026\/03\/1-1-600x600-1.png\" \/>\n\t<meta property=\"og:image:width\" content=\"600\" \/>\n\t<meta property=\"og:image:height\" content=\"600\" \/>\n\t<meta property=\"og:image:type\" content=\"image\/png\" \/>\n<meta name=\"twitter:card\" content=\"summary_large_image\" \/>\n<meta name=\"twitter:label1\" content=\"\u01af\u1edbc t\u00ednh th\u1eddi gian \u0111\u1ecdc\" \/>\n\t<meta name=\"twitter:data1\" content=\"3 ph\u00fat\" \/>\n<script type=\"application\/ld+json\" class=\"yoast-schema-graph\">{\"@context\":\"https:\/\/schema.org\",\"@graph\":[{\"@type\":\"WebPage\",\"@id\":\"https:\/\/jaybillards.azdigi.shop\/?product=gay-bi-a-peri-p-d11\",\"url\":\"https:\/\/jaybillards.azdigi.shop\/?product=gay-bi-a-peri-p-d11\",\"name\":\"G\u1eady Bi a Peri P-D11 - Jay Billiards - Chuy\u00ean g\u1eady Bida ch\u00ednh h\u00e3ng gi\u00e1 t\u1ed1t\",\"isPartOf\":{\"@id\":\"https:\/\/jaybillards.azdigi.shop\/#website\"},\"primaryImageOfPage\":{\"@id\":\"https:\/\/jaybillards.azdigi.shop\/?product=gay-bi-a-peri-p-d11#primaryimage\"},\"image\":{\"@id\":\"https:\/\/jaybillards.azdigi.shop\/?product=gay-bi-a-peri-p-d11#primaryimage\"},\"thumbnailUrl\":\"https:\/\/jaybillards.azdigi.shop\/wp-content\/uploads\/2026\/03\/1-1-600x600-1.png\",\"datePublished\":\"2026-03-28T17:06:19+00:00\",\"dateModified\":\"2026-04-07T16:57:03+00:00\",\"description\":\"G\u1eady Bi a Peri P-D11 \u00b7 Ch\u1ea5t li\u1ec7u chu\u00f4i : G\u1ed7 phong cao c\u1ea5p \u00b7 Ch\u1ea5t li\u1ec7u ng\u1ecdn: M\u1ed9c \u00b7 Ren: Radian \u00b7 Ng\u1ecdn: M\u1ed9c \u00b7 K\u00edch th\u01b0\u1edbc ng\u1ecdn: 12.75mm \u00b7 Tay c\u1ea7m: Tay b\u1ecdc ch\u1ec9 ...\",\"breadcrumb\":{\"@id\":\"https:\/\/jaybillards.azdigi.shop\/?product=gay-bi-a-peri-p-d11#breadcrumb\"},\"inLanguage\":\"vi\",\"potentialAction\":[{\"@type\":\"ReadAction\",\"target\":[\"https:\/\/jaybillards.azdigi.shop\/?product=gay-bi-a-peri-p-d11\"]}]},{\"@type\":\"ImageObject\",\"inLanguage\":\"vi\",\"@id\":\"https:\/\/jaybillards.azdigi.shop\/?product=gay-bi-a-peri-p-d11#primaryimage\",\"url\":\"https:\/\/jaybillards.azdigi.shop\/wp-content\/uploads\/2026\/03\/1-1-600x600-1.png\",\"contentUrl\":\"https:\/\/jaybillards.azdigi.shop\/wp-content\/uploads\/2026\/03\/1-1-600x600-1.png\",\"width\":600,\"height\":600},{\"@type\":\"BreadcrumbList\",\"@id\":\"https:\/\/jaybillards.azdigi.shop\/?product=gay-bi-a-peri-p-d11#breadcrumb\",\"itemListElement\":[{\"@type\":\"ListItem\",\"position\":1,\"name\":\"Trang ch\u1ee7\",\"item\":\"https:\/\/jaybillards.azdigi.shop\/\"},{\"@type\":\"ListItem\",\"position\":2,\"name\":\"C\u1eeda h\u00e0ng\",\"item\":\"https:\/\/jaybillards.azdigi.shop\/?page_id=274\"},{\"@type\":\"ListItem\",\"position\":3,\"name\":\"G\u1eady Bi a Peri P-D11\"}]},{\"@type\":\"WebSite\",\"@id\":\"https:\/\/jaybillards.azdigi.shop\/#website\",\"url\":\"https:\/\/jaybillards.azdigi.shop\/\",\"name\":\"Jay Billiards - Chuy\u00ean g\u1eady Bida ch\u00ednh h\u00e3ng gi\u00e1 t\u1ed1t\",\"description\":\"\",\"potentialAction\":[{\"@type\":\"SearchAction\",\"target\":{\"@type\":\"EntryPoint\",\"urlTemplate\":\"https:\/\/jaybillards.azdigi.shop\/?s={search_term_string}\"},\"query-input\":{\"@type\":\"PropertyValueSpecification\",\"valueRequired\":true,\"valueName\":\"search_term_string\"}}],\"inLanguage\":\"vi\"}]}<\/script>\n<!-- \/ Yoast SEO plugin. -->","yoast_head_json":{"title":"G\u1eady Bi a Peri P-D11 - Jay Billiards - Chuy\u00ean g\u1eady Bida ch\u00ednh h\u00e3ng gi\u00e1 t\u1ed1t","description":"G\u1eady Bi a Peri P-D11 \u00b7 Ch\u1ea5t li\u1ec7u chu\u00f4i : G\u1ed7 phong cao c\u1ea5p \u00b7 Ch\u1ea5t li\u1ec7u ng\u1ecdn: M\u1ed9c \u00b7 Ren: Radian \u00b7 Ng\u1ecdn: M\u1ed9c \u00b7 K\u00edch th\u01b0\u1edbc ng\u1ecdn: 12.75mm \u00b7 Tay c\u1ea7m: Tay b\u1ecdc ch\u1ec9 ...","robots":{"index":"index","follow":"follow","max-snippet":"max-snippet:-1","max-image-preview":"max-image-preview:large","max-video-preview":"max-video-preview:-1"},"canonical":"https:\/\/jaybillards.azdigi.shop\/?product=gay-bi-a-peri-p-d11","og_locale":"vi_VN","og_type":"article","og_title":"G\u1eady Bi a Peri P-D11 - Jay Billiards - Chuy\u00ean g\u1eady Bida ch\u00ednh h\u00e3ng gi\u00e1 t\u1ed1t","og_description":"G\u1eady Bi a Peri P-D11 \u00b7 Ch\u1ea5t li\u1ec7u chu\u00f4i : G\u1ed7 phong cao c\u1ea5p \u00b7 Ch\u1ea5t li\u1ec7u ng\u1ecdn: M\u1ed9c \u00b7 Ren: Radian \u00b7 Ng\u1ecdn: M\u1ed9c \u00b7 K\u00edch th\u01b0\u1edbc ng\u1ecdn: 12.75mm \u00b7 Tay c\u1ea7m: Tay b\u1ecdc ch\u1ec9 ...","og_url":"https:\/\/jaybillards.azdigi.shop\/?product=gay-bi-a-peri-p-d11","og_site_name":"Jay Billiards - Chuy\u00ean g\u1eady Bida ch\u00ednh h\u00e3ng gi\u00e1 t\u1ed1t","article_modified_time":"2026-04-07T16:57:03+00:00","og_image":[{"width":600,"height":600,"url":"https:\/\/jaybillards.azdigi.shop\/wp-content\/uploads\/2026\/03\/1-1-600x600-1.png","type":"image\/png"}],"twitter_card":"summary_large_image","twitter_misc":{"\u01af\u1edbc t\u00ednh th\u1eddi gian \u0111\u1ecdc":"3 ph\u00fat"},"schema":{"@context":"https:\/\/schema.org","@graph":[{"@type":"WebPage","@id":"https:\/\/jaybillards.azdigi.shop\/?product=gay-bi-a-peri-p-d11","url":"https:\/\/jaybillards.azdigi.shop\/?product=gay-bi-a-peri-p-d11","name":"G\u1eady Bi a Peri P-D11 - Jay Billiards - Chuy\u00ean g\u1eady Bida ch\u00ednh h\u00e3ng gi\u00e1 t\u1ed1t","isPartOf":{"@id":"https:\/\/jaybillards.azdigi.shop\/#website"},"primaryImageOfPage":{"@id":"https:\/\/jaybillards.azdigi.shop\/?product=gay-bi-a-peri-p-d11#primaryimage"},"image":{"@id":"https:\/\/jaybillards.azdigi.shop\/?product=gay-bi-a-peri-p-d11#primaryimage"},"thumbnailUrl":"https:\/\/jaybillards.azdigi.shop\/wp-content\/uploads\/2026\/03\/1-1-600x600-1.png","datePublished":"2026-03-28T17:06:19+00:00","dateModified":"2026-04-07T16:57:03+00:00","description":"G\u1eady Bi a Peri P-D11 \u00b7 Ch\u1ea5t li\u1ec7u chu\u00f4i : G\u1ed7 phong cao c\u1ea5p \u00b7 Ch\u1ea5t li\u1ec7u ng\u1ecdn: M\u1ed9c \u00b7 Ren: Radian \u00b7 Ng\u1ecdn: M\u1ed9c \u00b7 K\u00edch th\u01b0\u1edbc ng\u1ecdn: 12.75mm \u00b7 Tay c\u1ea7m: Tay b\u1ecdc ch\u1ec9 ...","breadcrumb":{"@id":"https:\/\/jaybillards.azdigi.shop\/?product=gay-bi-a-peri-p-d11#breadcrumb"},"inLanguage":"vi","potentialAction":[{"@type":"ReadAction","target":["https:\/\/jaybillards.azdigi.shop\/?product=gay-bi-a-peri-p-d11"]}]},{"@type":"ImageObject","inLanguage":"vi","@id":"https:\/\/jaybillards.azdigi.shop\/?product=gay-bi-a-peri-p-d11#primaryimage","url":"https:\/\/jaybillards.azdigi.shop\/wp-content\/uploads\/2026\/03\/1-1-600x600-1.png","contentUrl":"https:\/\/jaybillards.azdigi.shop\/wp-content\/uploads\/2026\/03\/1-1-600x600-1.png","width":600,"height":600},{"@type":"BreadcrumbList","@id":"https:\/\/jaybillards.azdigi.shop\/?product=gay-bi-a-peri-p-d11#breadcrumb","itemListElement":[{"@type":"ListItem","position":1,"name":"Trang ch\u1ee7","item":"https:\/\/jaybillards.azdigi.shop\/"},{"@type":"ListItem","position":2,"name":"C\u1eeda h\u00e0ng","item":"https:\/\/jaybillards.azdigi.shop\/?page_id=274"},{"@type":"ListItem","position":3,"name":"G\u1eady Bi a Peri P-D11"}]},{"@type":"WebSite","@id":"https:\/\/jaybillards.azdigi.shop\/#website","url":"https:\/\/jaybillards.azdigi.shop\/","name":"Jay Billiards - Chuy\u00ean g\u1eady Bida ch\u00ednh h\u00e3ng gi\u00e1 t\u1ed1t","description":"","potentialAction":[{"@type":"SearchAction","target":{"@type":"EntryPoint","urlTemplate":"https:\/\/jaybillards.azdigi.shop\/?s={search_term_string}"},"query-input":{"@type":"PropertyValueSpecification","valueRequired":true,"valueName":"search_term_string"}}],"inLanguage":"vi"}]}},"_links":{"self":[{"href":"https:\/\/jaybillards.azdigi.shop\/index.php?rest_route=\/wp\/v2\/product\/658","targetHints":{"allow":["GET"]}}],"collection":[{"href":"https:\/\/jaybillards.azdigi.shop\/index.php?rest_route=\/wp\/v2\/product"}],"about":[{"href":"https:\/\/jaybillards.azdigi.shop\/index.php?rest_route=\/wp\/v2\/types\/product"}],"replies":[{"embeddable":true,"href":"https:\/\/jaybillards.azdigi.shop\/index.php?rest_route=%2Fwp%2Fv2%2Fcomments&post=658"}],"wp:featuredmedia":[{"embeddable":true,"href":"https:\/\/jaybillards.azdigi.shop\/index.php?rest_route=\/wp\/v2\/media\/1322"}],"wp:attachment":[{"href":"https:\/\/jaybillards.azdigi.shop\/index.php?rest_route=%2Fwp%2Fv2%2Fmedia&parent=658"}],"wp:term":[{"taxonomy":"product_brand","embeddable":true,"href":"https:\/\/jaybillards.azdigi.shop\/index.php?rest_route=%2Fwp%2Fv2%2Fproduct_brand&post=658"},{"taxonomy":"product_cat","embeddable":true,"href":"https:\/\/jaybillards.azdigi.shop\/index.php?rest_route=%2Fwp%2Fv2%2Fproduct_cat&post=658"},{"taxonomy":"product_tag","embeddable":true,"href":"https:\/\/jaybillards.azdigi.shop\/index.php?rest_route=%2Fwp%2Fv2%2Fproduct_tag&post=658"}],"curies":[{"name":"wp","href":"https:\/\/api.w.org\/{rel}","templated":true}]}}