{"id":650,"date":"2026-03-29T00:03:35","date_gmt":"2026-03-28T17:03:35","guid":{"rendered":"https:\/\/jaybillards.azdigi.shop\/?post_type=product&#038;p=650"},"modified":"2026-04-08T00:06:05","modified_gmt":"2026-04-07T17:06:05","slug":"gay-bi-a-peri-p-d10","status":"publish","type":"product","link":"https:\/\/jaybillards.azdigi.shop\/?product=gay-bi-a-peri-p-d10","title":{"rendered":"G\u1eady Bi a Peri P-D10"},"content":{"rendered":"<h3 data-section-id=\"v26i4n\" data-start=\"420\" data-end=\"449\"><span role=\"text\">\ud83d\udd27 <strong data-start=\"427\" data-end=\"449\">Th\u00f4ng s\u1ed1 k\u1ef9 thu\u1eadt:<\/strong><\/span><\/h3>\n<ul data-start=\"450\" data-end=\"874\">\n<li data-section-id=\"e3as7m\" data-start=\"450\" data-end=\"510\"><strong data-start=\"452\" data-end=\"460\">Ren:<\/strong> Radial \u2013 gi\u00fap k\u1ebft n\u1ed1i ch\u1eafc ch\u1eafn, truy\u1ec1n l\u1ef1c t\u1ed1t<\/li>\n<li data-section-id=\"1yew9y3\" data-start=\"511\" data-end=\"560\"><strong data-start=\"513\" data-end=\"529\">Tr\u1ecdng l\u01b0\u1ee3ng:<\/strong> T\u00f9y ch\u1ec9nh t\u1eeb 18.5oz \u2013 19.5oz<\/li>\n<li data-section-id=\"1fxbnew\" data-start=\"561\" data-end=\"608\"><strong data-start=\"563\" data-end=\"582\">Chi\u1ec1u d\u00e0i ng\u1ecdn:<\/strong> 29 inch (chu\u1ea9n thi \u0111\u1ea5u)<\/li>\n<li data-section-id=\"oe6p93\" data-start=\"609\" data-end=\"685\"><strong data-start=\"611\" data-end=\"630\">Ch\u1ea5t li\u1ec7u ng\u1ecdn:<\/strong> P20 \u2013 g\u1ed7 phong B\u1eafc M\u1ef9, cho \u0111\u1ed9 c\u1ee9ng v\u00e0 \u0111\u1ed9 \u1ed5n \u0111\u1ecbnh cao<\/li>\n<li data-section-id=\"1j9g38r\" data-start=\"686\" data-end=\"743\"><strong data-start=\"688\" data-end=\"700\">Tay c\u1ea7m:<\/strong> B\u1ecdc da m\u00e0u \u0111en \u2013 \u00eam tay, ch\u1ed1ng tr\u01b0\u1ee3t t\u1ed1t<\/li>\n<li data-section-id=\"1keg3cv\" data-start=\"744\" data-end=\"820\"><strong data-start=\"746\" data-end=\"758\">\u0110\u1ea7u t\u1ea9y:<\/strong> Peri Black Ice 12.5mm \u2013 b\u00e1m bi t\u1ed1t, ki\u1ec3m so\u00e1t xo\u00e1y hi\u1ec7u qu\u1ea3<\/li>\n<li data-section-id=\"10b9v9n\" data-start=\"821\" data-end=\"874\"><strong data-start=\"823\" data-end=\"832\">Ph\u00edp:<\/strong> Juma \u2013 \u0111\u1ed9 b\u1ec1n cao, truy\u1ec1n l\u1ef1c chu\u1ea9n x\u00e1c\n<div class=\"flex flex-col text-sm pb-25\">\n<section class=\"text-token-text-primary w-full focus:outline-none [--shadow-height:45px] has-data-writing-block:pointer-events-none has-data-writing-block:-mt-(--shadow-height) has-data-writing-block:pt-(--shadow-height) [&amp;:has([data-writing-block])&gt;*]:pointer-events-auto scroll-mt-[calc(var(--header-height)+min(200px,max(70px,20svh)))]\" dir=\"auto\" data-turn-id=\"request-WEB:d9046e28-3fdd-4368-aaa0-0bfe4bbd107f-1\" data-testid=\"conversation-turn-4\" data-scroll-anchor=\"true\" data-turn=\"assistant\">\n<div class=\"text-base my-auto mx-auto pb-10 [--thread-content-margin:var(--thread-content-margin-xs,calc(var(--spacing)*4))] @w-sm\/main:[--thread-content-margin:var(--thread-content-margin-sm,calc(var(--spacing)*6))] @w-lg\/main:[--thread-content-margin:var(--thread-content-margin-lg,calc(var(--spacing)*16))] px-(--thread-content-margin)\">\n<div class=\"[--thread-content-max-width:40rem] @w-lg\/main:[--thread-content-max-width:48rem] mx-auto max-w-(--thread-content-max-width) flex-1 group\/turn-messages focus-visible:outline-hidden relative flex w-full min-w-0 flex-col agent-turn\">\n<div class=\"flex max-w-full flex-col gap-4 grow\">\n<div class=\"min-h-8 text-message relative flex w-full flex-col items-end gap-2 text-start break-words whitespace-normal outline-none keyboard-focused:focus-ring [.text-message+&amp;]:mt-1\" dir=\"auto\" tabindex=\"0\" data-message-author-role=\"assistant\" data-message-id=\"89c37a90-b2ed-4c43-9394-d4a415c8b9e8\" data-message-model-slug=\"gpt-5-3\" data-turn-start-message=\"true\">\n<div class=\"flex w-full flex-col gap-1 empty:hidden\">\n<div class=\"markdown prose dark:prose-invert w-full wrap-break-word light markdown-new-styling\">\n<p data-start=\"0\" data-end=\"354\">C\u00e2y c\u01a1 \u0111\u01b0\u1ee3c trang b\u1ecb h\u1ec7 th\u1ed1ng ren Radial cao c\u1ea5p, mang l\u1ea1i kh\u1ea3 n\u0103ng k\u1ebft n\u1ed1i c\u1ef1c k\u1ef3 ch\u1eafc ch\u1eafn gi\u1eefa ph\u1ea7n c\u00e1n v\u00e0 ng\u1ecdn. Nh\u1edd \u0111\u00f3, l\u1ef1c truy\u1ec1n trong m\u1ed7i c\u00fa \u0111\u00e1nh \u0111\u01b0\u1ee3c t\u1ed1i \u01b0u h\u00f3a, gi\u00fap ng\u01b0\u1eddi ch\u01a1i c\u1ea3m nh\u1eadn r\u00f5 r\u00e0ng \u0111\u1ed9 \u0111\u1ea7m v\u00e0 \u0111\u1ed9 ch\u00ednh x\u00e1c khi ra c\u01a1. \u0110\u00e2y l\u00e0 y\u1ebfu t\u1ed1 quan tr\u1ecdng gi\u00fap c\u1ea3i thi\u1ec7n hi\u1ec7u su\u1ea5t thi \u0111\u1ea5u, \u0111\u1eb7c bi\u1ec7t trong nh\u1eefng t\u00ecnh hu\u1ed1ng c\u1ea7n ki\u1ec3m so\u00e1t l\u1ef1c tinh t\u1ebf.<\/p>\n<p data-start=\"356\" data-end=\"718\">V\u1edbi tr\u1ecdng l\u01b0\u1ee3ng t\u00f9y ch\u1ec9nh t\u1eeb 18.5oz \u0111\u1ebfn 19.5oz, ng\u01b0\u1eddi ch\u01a1i c\u00f3 th\u1ec3 d\u1ec5 d\u00e0ng l\u1ef1a ch\u1ecdn m\u1ee9c ph\u00f9 h\u1ee3p v\u1edbi phong c\u00e1ch c\u00e1 nh\u00e2n. D\u00f9 b\u1ea1n theo l\u1ed1i \u0111\u00e1nh ki\u1ec3m so\u00e1t nh\u1eb9 nh\u00e0ng hay thi\u00ean v\u1ec1 s\u1ee9c m\u1ea1nh, c\u00e2y c\u01a1 v\u1eabn \u0111\u00e1p \u1ee9ng t\u1ed1t nh\u1edd s\u1ef1 c\u00e2n b\u1eb1ng \u1ed5n \u0111\u1ecbnh. Chi\u1ec1u d\u00e0i ng\u1ecdn ti\u00eau chu\u1ea9n 29 inch c\u0169ng g\u00f3p ph\u1ea7n t\u1ea1o n\u00ean c\u1ea3m gi\u00e1c \u0111\u00e1nh quen thu\u1ed9c, ph\u00f9 h\u1ee3p v\u1edbi c\u00e1c ti\u00eau chu\u1ea9n thi \u0111\u1ea5u chuy\u00ean nghi\u1ec7p.<\/p>\n<p data-start=\"720\" data-end=\"1032\">Ng\u1ecdn c\u01a1 s\u1eed d\u1ee5ng ch\u1ea5t li\u1ec7u P20 \u2013 g\u1ed7 phong B\u1eafc M\u1ef9, n\u1ed5i b\u1eadt v\u1edbi \u0111\u1ed9 c\u1ee9ng cao v\u00e0 kh\u1ea3 n\u0103ng ch\u1ed1ng cong v\u00eanh t\u1ed1t. \u0110i\u1ec1u n\u00e0y gi\u00fap \u0111\u01b0\u1eddng bi \u0111i \u1ed5n \u0111\u1ecbnh h\u01a1n, h\u1ea1n ch\u1ebf rung l\u1eafc khi va ch\u1ea1m. Tay c\u1ea7m b\u1ecdc da m\u00e0u \u0111en mang l\u1ea1i c\u1ea3m gi\u00e1c \u00eam \u00e1i, t\u0103ng \u0111\u1ed9 b\u00e1m tay v\u00e0 h\u1ea1n ch\u1ebf tr\u01a1n tr\u01b0\u1ee3t, \u0111\u1eb7c bi\u1ec7t hi\u1ec7u qu\u1ea3 khi thi \u0111\u1ea5u trong th\u1eddi gian d\u00e0i.<\/p>\n<p data-start=\"1034\" data-end=\"1334\" data-is-last-node=\"\" data-is-only-node=\"\">\u0110\u1ea7u t\u1ea9y Peri Black Ice 12.5mm h\u1ed7 tr\u1ee3 b\u00e1m bi t\u1ed1t, gi\u00fap ng\u01b0\u1eddi ch\u01a1i d\u1ec5 d\u00e0ng th\u1ef1c hi\u1ec7n c\u00e1c k\u1ef9 thu\u1eadt xo\u00e1y v\u00e0 ki\u1ec3m so\u00e1t bi ch\u00ednh x\u00e1c. K\u1ebft h\u1ee3p c\u00f9ng ph\u00edp Juma c\u00f3 \u0111\u1ed9 b\u1ec1n cao v\u00e0 kh\u1ea3 n\u0103ng truy\u1ec1n l\u1ef1c chu\u1ea9n x\u00e1c, t\u1ed5ng th\u1ec3 c\u00e2y c\u01a1 mang l\u1ea1i tr\u1ea3i nghi\u1ec7m \u0111\u00e1nh m\u01b0\u1ee3t m\u00e0, \u1ed5n \u0111\u1ecbnh v\u00e0 \u0111\u00e1ng tin c\u1eady cho m\u1ecdi c\u1ea5p \u0111\u1ed9 ng\u01b0\u1eddi ch\u01a1i.<\/p>\n<\/div>\n<\/div>\n<\/div>\n<\/div>\n<div class=\"z-0 flex min-h-[46px] justify-start\"><\/div>\n<div class=\"mt-3 w-full empty:hidden\">\n<div class=\"text-center\"><\/div>\n<\/div>\n<\/div>\n<\/div>\n<\/section>\n<\/div>\n<div class=\"pointer-events-none h-px w-px absolute bottom-0\" aria-hidden=\"true\" data-edge=\"true\"><\/div>\n<\/li>\n<\/ul>\n","protected":false},"excerpt":{"rendered":"<p>\ud83d\udd27 Th\u00f4ng s\u1ed1 k\u1ef9 thu\u1eadt: Ren: Radial \u2013 gi\u00fap k\u1ebft n\u1ed1i ch\u1eafc ch\u1eafn, truy\u1ec1n l\u1ef1c t\u1ed1t Tr\u1ecdng l\u01b0\u1ee3ng: T\u00f9y ch\u1ec9nh t\u1eeb 18.5oz \u2013 19.5oz Chi\u1ec1u d\u00e0i ng\u1ecdn: 29 inch (chu\u1ea9n thi \u0111\u1ea5u) Ch\u1ea5t li\u1ec7u ng\u1ecdn: P20 \u2013 g\u1ed7 phong B\u1eafc M\u1ef9, cho \u0111\u1ed9 c\u1ee9ng v\u00e0 \u0111\u1ed9 \u1ed5n \u0111\u1ecbnh cao Tay c\u1ea7m: B\u1ecdc da m\u00e0u \u0111en [&#8230;]\n","protected":false},"featured_media":1328,"comment_status":"open","ping_status":"closed","template":"","meta":[],"product_brand":[25],"product_cat":[24],"product_tag":[106],"class_list":{"0":"post-650","1":"product","2":"type-product","3":"status-publish","4":"has-post-thumbnail","6":"product_brand-peri","7":"product_cat-peri","8":"product_tag-gay-bi-a-peri-p-d10","10":"first","11":"instock","12":"shipping-taxable","13":"purchasable","14":"product-type-variable"},"yoast_head":"<!-- This site is optimized with the Yoast SEO plugin v27.2 - https:\/\/yoast.com\/product\/yoast-seo-wordpress\/ -->\n<title>G\u1eady Bi a Peri P-D10 - Jay Billiards - Chuy\u00ean g\u1eady Bida ch\u00ednh h\u00e3ng gi\u00e1 t\u1ed1t<\/title>\n<meta name=\"description\" content=\"G\u1eady Bi a Peri ; G\u1eady Bi a Peri PTE-04. Li\u00ean h\u1ec7 ; G\u1eady Bi a SW Style. Li\u00ean h\u1ec7 ; G\u1eady Bi a Peri P-D10. 7.000.000 \u20ab 5.800.000 \u20ab ; G\u1eady Bi a Peri P-D11. 7.000.000 \u20ab 5.800.\" \/>\n<meta name=\"robots\" content=\"index, follow, max-snippet:-1, max-image-preview:large, max-video-preview:-1\" \/>\n<link rel=\"canonical\" href=\"https:\/\/jaybillards.azdigi.shop\/?product=gay-bi-a-peri-p-d10\" \/>\n<meta property=\"og:locale\" content=\"vi_VN\" \/>\n<meta property=\"og:type\" content=\"article\" \/>\n<meta property=\"og:title\" content=\"G\u1eady Bi a Peri P-D10 - Jay Billiards - Chuy\u00ean g\u1eady Bida ch\u00ednh h\u00e3ng gi\u00e1 t\u1ed1t\" \/>\n<meta property=\"og:description\" content=\"G\u1eady Bi a Peri ; G\u1eady Bi a Peri PTE-04. Li\u00ean h\u1ec7 ; G\u1eady Bi a SW Style. Li\u00ean h\u1ec7 ; G\u1eady Bi a Peri P-D10. 7.000.000 \u20ab 5.800.000 \u20ab ; G\u1eady Bi a Peri P-D11. 7.000.000 \u20ab 5.800.\" \/>\n<meta property=\"og:url\" content=\"https:\/\/jaybillards.azdigi.shop\/?product=gay-bi-a-peri-p-d10\" \/>\n<meta property=\"og:site_name\" content=\"Jay Billiards - Chuy\u00ean g\u1eady Bida ch\u00ednh h\u00e3ng gi\u00e1 t\u1ed1t\" \/>\n<meta property=\"article:modified_time\" content=\"2026-04-07T17:06:05+00:00\" \/>\n<meta property=\"og:image\" content=\"https:\/\/jaybillards.azdigi.shop\/wp-content\/uploads\/2026\/03\/1.png\" \/>\n\t<meta property=\"og:image:width\" content=\"1600\" \/>\n\t<meta property=\"og:image:height\" content=\"1600\" \/>\n\t<meta property=\"og:image:type\" content=\"image\/png\" \/>\n<meta name=\"twitter:card\" content=\"summary_large_image\" \/>\n<meta name=\"twitter:label1\" content=\"\u01af\u1edbc t\u00ednh th\u1eddi gian \u0111\u1ecdc\" \/>\n\t<meta name=\"twitter:data1\" content=\"3 ph\u00fat\" \/>\n<script type=\"application\/ld+json\" class=\"yoast-schema-graph\">{\"@context\":\"https:\/\/schema.org\",\"@graph\":[{\"@type\":\"WebPage\",\"@id\":\"https:\/\/jaybillards.azdigi.shop\/?product=gay-bi-a-peri-p-d10\",\"url\":\"https:\/\/jaybillards.azdigi.shop\/?product=gay-bi-a-peri-p-d10\",\"name\":\"G\u1eady Bi a Peri P-D10 - Jay Billiards - Chuy\u00ean g\u1eady Bida ch\u00ednh h\u00e3ng gi\u00e1 t\u1ed1t\",\"isPartOf\":{\"@id\":\"https:\/\/jaybillards.azdigi.shop\/#website\"},\"primaryImageOfPage\":{\"@id\":\"https:\/\/jaybillards.azdigi.shop\/?product=gay-bi-a-peri-p-d10#primaryimage\"},\"image\":{\"@id\":\"https:\/\/jaybillards.azdigi.shop\/?product=gay-bi-a-peri-p-d10#primaryimage\"},\"thumbnailUrl\":\"https:\/\/jaybillards.azdigi.shop\/wp-content\/uploads\/2026\/03\/1.png\",\"datePublished\":\"2026-03-28T17:03:35+00:00\",\"dateModified\":\"2026-04-07T17:06:05+00:00\",\"description\":\"G\u1eady Bi a Peri ; G\u1eady Bi a Peri PTE-04. Li\u00ean h\u1ec7 ; G\u1eady Bi a SW Style. Li\u00ean h\u1ec7 ; G\u1eady Bi a Peri P-D10. 7.000.000 \u20ab 5.800.000 \u20ab ; G\u1eady Bi a Peri P-D11. 7.000.000 \u20ab 5.800.\",\"breadcrumb\":{\"@id\":\"https:\/\/jaybillards.azdigi.shop\/?product=gay-bi-a-peri-p-d10#breadcrumb\"},\"inLanguage\":\"vi\",\"potentialAction\":[{\"@type\":\"ReadAction\",\"target\":[\"https:\/\/jaybillards.azdigi.shop\/?product=gay-bi-a-peri-p-d10\"]}]},{\"@type\":\"ImageObject\",\"inLanguage\":\"vi\",\"@id\":\"https:\/\/jaybillards.azdigi.shop\/?product=gay-bi-a-peri-p-d10#primaryimage\",\"url\":\"https:\/\/jaybillards.azdigi.shop\/wp-content\/uploads\/2026\/03\/1.png\",\"contentUrl\":\"https:\/\/jaybillards.azdigi.shop\/wp-content\/uploads\/2026\/03\/1.png\",\"width\":1600,\"height\":1600},{\"@type\":\"BreadcrumbList\",\"@id\":\"https:\/\/jaybillards.azdigi.shop\/?product=gay-bi-a-peri-p-d10#breadcrumb\",\"itemListElement\":[{\"@type\":\"ListItem\",\"position\":1,\"name\":\"Trang ch\u1ee7\",\"item\":\"https:\/\/jaybillards.azdigi.shop\/\"},{\"@type\":\"ListItem\",\"position\":2,\"name\":\"C\u1eeda h\u00e0ng\",\"item\":\"https:\/\/jaybillards.azdigi.shop\/?page_id=274\"},{\"@type\":\"ListItem\",\"position\":3,\"name\":\"G\u1eady Bi a Peri P-D10\"}]},{\"@type\":\"WebSite\",\"@id\":\"https:\/\/jaybillards.azdigi.shop\/#website\",\"url\":\"https:\/\/jaybillards.azdigi.shop\/\",\"name\":\"Jay Billiards - Chuy\u00ean g\u1eady Bida ch\u00ednh h\u00e3ng gi\u00e1 t\u1ed1t\",\"description\":\"\",\"potentialAction\":[{\"@type\":\"SearchAction\",\"target\":{\"@type\":\"EntryPoint\",\"urlTemplate\":\"https:\/\/jaybillards.azdigi.shop\/?s={search_term_string}\"},\"query-input\":{\"@type\":\"PropertyValueSpecification\",\"valueRequired\":true,\"valueName\":\"search_term_string\"}}],\"inLanguage\":\"vi\"}]}<\/script>\n<!-- \/ Yoast SEO plugin. -->","yoast_head_json":{"title":"G\u1eady Bi a Peri P-D10 - Jay Billiards - Chuy\u00ean g\u1eady Bida ch\u00ednh h\u00e3ng gi\u00e1 t\u1ed1t","description":"G\u1eady Bi a Peri ; G\u1eady Bi a Peri PTE-04. Li\u00ean h\u1ec7 ; G\u1eady Bi a SW Style. Li\u00ean h\u1ec7 ; G\u1eady Bi a Peri P-D10. 7.000.000 \u20ab 5.800.000 \u20ab ; G\u1eady Bi a Peri P-D11. 7.000.000 \u20ab 5.800.","robots":{"index":"index","follow":"follow","max-snippet":"max-snippet:-1","max-image-preview":"max-image-preview:large","max-video-preview":"max-video-preview:-1"},"canonical":"https:\/\/jaybillards.azdigi.shop\/?product=gay-bi-a-peri-p-d10","og_locale":"vi_VN","og_type":"article","og_title":"G\u1eady Bi a Peri P-D10 - Jay Billiards - Chuy\u00ean g\u1eady Bida ch\u00ednh h\u00e3ng gi\u00e1 t\u1ed1t","og_description":"G\u1eady Bi a Peri ; G\u1eady Bi a Peri PTE-04. Li\u00ean h\u1ec7 ; G\u1eady Bi a SW Style. Li\u00ean h\u1ec7 ; G\u1eady Bi a Peri P-D10. 7.000.000 \u20ab 5.800.000 \u20ab ; G\u1eady Bi a Peri P-D11. 7.000.000 \u20ab 5.800.","og_url":"https:\/\/jaybillards.azdigi.shop\/?product=gay-bi-a-peri-p-d10","og_site_name":"Jay Billiards - Chuy\u00ean g\u1eady Bida ch\u00ednh h\u00e3ng gi\u00e1 t\u1ed1t","article_modified_time":"2026-04-07T17:06:05+00:00","og_image":[{"width":1600,"height":1600,"url":"https:\/\/jaybillards.azdigi.shop\/wp-content\/uploads\/2026\/03\/1.png","type":"image\/png"}],"twitter_card":"summary_large_image","twitter_misc":{"\u01af\u1edbc t\u00ednh th\u1eddi gian \u0111\u1ecdc":"3 ph\u00fat"},"schema":{"@context":"https:\/\/schema.org","@graph":[{"@type":"WebPage","@id":"https:\/\/jaybillards.azdigi.shop\/?product=gay-bi-a-peri-p-d10","url":"https:\/\/jaybillards.azdigi.shop\/?product=gay-bi-a-peri-p-d10","name":"G\u1eady Bi a Peri P-D10 - Jay Billiards - Chuy\u00ean g\u1eady Bida ch\u00ednh h\u00e3ng gi\u00e1 t\u1ed1t","isPartOf":{"@id":"https:\/\/jaybillards.azdigi.shop\/#website"},"primaryImageOfPage":{"@id":"https:\/\/jaybillards.azdigi.shop\/?product=gay-bi-a-peri-p-d10#primaryimage"},"image":{"@id":"https:\/\/jaybillards.azdigi.shop\/?product=gay-bi-a-peri-p-d10#primaryimage"},"thumbnailUrl":"https:\/\/jaybillards.azdigi.shop\/wp-content\/uploads\/2026\/03\/1.png","datePublished":"2026-03-28T17:03:35+00:00","dateModified":"2026-04-07T17:06:05+00:00","description":"G\u1eady Bi a Peri ; G\u1eady Bi a Peri PTE-04. Li\u00ean h\u1ec7 ; G\u1eady Bi a SW Style. Li\u00ean h\u1ec7 ; G\u1eady Bi a Peri P-D10. 7.000.000 \u20ab 5.800.000 \u20ab ; G\u1eady Bi a Peri P-D11. 7.000.000 \u20ab 5.800.","breadcrumb":{"@id":"https:\/\/jaybillards.azdigi.shop\/?product=gay-bi-a-peri-p-d10#breadcrumb"},"inLanguage":"vi","potentialAction":[{"@type":"ReadAction","target":["https:\/\/jaybillards.azdigi.shop\/?product=gay-bi-a-peri-p-d10"]}]},{"@type":"ImageObject","inLanguage":"vi","@id":"https:\/\/jaybillards.azdigi.shop\/?product=gay-bi-a-peri-p-d10#primaryimage","url":"https:\/\/jaybillards.azdigi.shop\/wp-content\/uploads\/2026\/03\/1.png","contentUrl":"https:\/\/jaybillards.azdigi.shop\/wp-content\/uploads\/2026\/03\/1.png","width":1600,"height":1600},{"@type":"BreadcrumbList","@id":"https:\/\/jaybillards.azdigi.shop\/?product=gay-bi-a-peri-p-d10#breadcrumb","itemListElement":[{"@type":"ListItem","position":1,"name":"Trang ch\u1ee7","item":"https:\/\/jaybillards.azdigi.shop\/"},{"@type":"ListItem","position":2,"name":"C\u1eeda h\u00e0ng","item":"https:\/\/jaybillards.azdigi.shop\/?page_id=274"},{"@type":"ListItem","position":3,"name":"G\u1eady Bi a Peri P-D10"}]},{"@type":"WebSite","@id":"https:\/\/jaybillards.azdigi.shop\/#website","url":"https:\/\/jaybillards.azdigi.shop\/","name":"Jay Billiards - Chuy\u00ean g\u1eady Bida ch\u00ednh h\u00e3ng gi\u00e1 t\u1ed1t","description":"","potentialAction":[{"@type":"SearchAction","target":{"@type":"EntryPoint","urlTemplate":"https:\/\/jaybillards.azdigi.shop\/?s={search_term_string}"},"query-input":{"@type":"PropertyValueSpecification","valueRequired":true,"valueName":"search_term_string"}}],"inLanguage":"vi"}]}},"_links":{"self":[{"href":"https:\/\/jaybillards.azdigi.shop\/index.php?rest_route=\/wp\/v2\/product\/650","targetHints":{"allow":["GET"]}}],"collection":[{"href":"https:\/\/jaybillards.azdigi.shop\/index.php?rest_route=\/wp\/v2\/product"}],"about":[{"href":"https:\/\/jaybillards.azdigi.shop\/index.php?rest_route=\/wp\/v2\/types\/product"}],"replies":[{"embeddable":true,"href":"https:\/\/jaybillards.azdigi.shop\/index.php?rest_route=%2Fwp%2Fv2%2Fcomments&post=650"}],"wp:featuredmedia":[{"embeddable":true,"href":"https:\/\/jaybillards.azdigi.shop\/index.php?rest_route=\/wp\/v2\/media\/1328"}],"wp:attachment":[{"href":"https:\/\/jaybillards.azdigi.shop\/index.php?rest_route=%2Fwp%2Fv2%2Fmedia&parent=650"}],"wp:term":[{"taxonomy":"product_brand","embeddable":true,"href":"https:\/\/jaybillards.azdigi.shop\/index.php?rest_route=%2Fwp%2Fv2%2Fproduct_brand&post=650"},{"taxonomy":"product_cat","embeddable":true,"href":"https:\/\/jaybillards.azdigi.shop\/index.php?rest_route=%2Fwp%2Fv2%2Fproduct_cat&post=650"},{"taxonomy":"product_tag","embeddable":true,"href":"https:\/\/jaybillards.azdigi.shop\/index.php?rest_route=%2Fwp%2Fv2%2Fproduct_tag&post=650"}],"curies":[{"name":"wp","href":"https:\/\/api.w.org\/{rel}","templated":true}]}}