{"id":370,"date":"2026-03-26T23:03:50","date_gmt":"2026-03-26T16:03:50","guid":{"rendered":"https:\/\/jaybillards.azdigi.shop\/?post_type=product&#038;p=370"},"modified":"2026-04-06T03:04:45","modified_gmt":"2026-04-05T20:04:45","slug":"gay-bi-a-ty-mld","status":"publish","type":"product","link":"https:\/\/jaybillards.azdigi.shop\/?product=gay-bi-a-ty-mld","title":{"rendered":"G\u1eady bi a TY MLD"},"content":{"rendered":"<p><strong>G\u1eady bi a TY MLD<br \/>\nTh\u00f4ng tin chi ti\u1ebft C\u01a1 Bida TY MLD<br \/>\n<\/strong><\/p>\n<p>Th\u01b0\u01a1ng hi\u1ec7u: TY Billiards<\/p>\n<p>Chu\u00f4i: V\u00e2n g\u1ed7 gh\u00e9p m\u1ea3nh<\/p>\n<p>Ng\u1ecdn: Hyper Conical l\u00f5i Carbon xuy\u00ean t\u00e2m<\/p>\n<p>Size ng\u1ecdn: 12,5mm<\/p>\n<p>Ren: Radial<\/p>\n<p>Tay c\u1ea7m: B\u1ecdc da<\/p>\n<p>T\u1ea9y: How<\/p>\n<p data-start=\"110\" data-end=\"184\"><strong data-start=\"110\" data-end=\"182\">C\u01a1 Bida TY MLD \u2013 S\u1ef1 k\u1ebft h\u1ee3p ho\u00e0n h\u1ea3o gi\u1eefa c\u00f4ng ngh\u1ec7 v\u00e0 c\u1ea3m gi\u00e1c \u0111\u00e1nh<\/strong><\/p>\n<p data-start=\"186\" data-end=\"520\"><strong data-start=\"186\" data-end=\"204\">C\u01a1 Bida TY MLD<\/strong> l\u00e0 d\u00f2ng c\u01a1 cao c\u1ea5p \u0111\u1ebfn t\u1eeb th\u01b0\u01a1ng hi\u1ec7u <strong data-start=\"243\" data-end=\"259\">TY Billiards<\/strong>, \u0111\u01b0\u1ee3c thi\u1ebft k\u1ebf d\u00e0nh cho nh\u1eefng c\u01a1 th\u1ee7 mu\u1ed1n n\u00e2ng cao k\u1ef9 n\u0103ng v\u00e0 tr\u1ea3i nghi\u1ec7m c\u1ea3m gi\u00e1c \u0111\u00e1nh ch\u00ednh x\u00e1c. Chu\u00f4i c\u01a1 \u0111\u01b0\u1ee3c l\u00e0m t\u1eeb <strong data-start=\"380\" data-end=\"400\">v\u00e2n g\u1ed7 gh\u00e9p m\u1ea3nh<\/strong>, mang l\u1ea1i \u0111\u1ed9 c\u1ee9ng v\u1eeba ph\u1ea3i, \u1ed5n \u0111\u1ecbnh v\u00e0 c\u1ea3m gi\u00e1c t\u1ef1 nhi\u00ean khi c\u1ea7m, \u0111\u1ed3ng th\u1eddi gi\u1ea3m rung l\u1eafc khi th\u1ef1c hi\u1ec7n c\u00fa \u0111\u00e1nh m\u1ea1nh.<\/p>\n<p data-start=\"522\" data-end=\"872\">Ng\u1ecdn c\u01a1 <strong data-start=\"530\" data-end=\"568\">Hyper Conical l\u00f5i Carbon xuy\u00ean t\u00e2m<\/strong> cho kh\u1ea3 n\u0103ng truy\u1ec1n l\u1ef1c t\u1ed1i \u01b0u, gi\u1eef \u1ed5n \u0111\u1ecbnh \u0111\u01b0\u1eddng \u0111i c\u1ee7a bi v\u00e0 t\u0103ng \u0111\u1ed9 ch\u00ednh x\u00e1c cho t\u1eebng c\u00fa \u0111\u00e1nh. K\u00edch th\u01b0\u1edbc ng\u1ecdn 12,5mm ph\u00f9 h\u1ee3p v\u1edbi nhi\u1ec1u k\u1ef9 thu\u1eadt ch\u01a1i, k\u1ebft h\u1ee3p v\u1edbi ren <strong data-start=\"740\" data-end=\"750\">Radial<\/strong> gi\u00fap k\u1ebft n\u1ed1i ch\u1eafc ch\u1eafn gi\u1eefa ng\u1ecdn v\u00e0 chu\u00f4i, d\u1ec5 d\u00e0ng thay th\u1ebf ho\u1eb7c n\u00e2ng c\u1ea5p c\u00e1c b\u1ed9 ph\u1eadn kh\u00e1c m\u00e0 v\u1eabn \u0111\u1ea3m b\u1ea3o s\u1ef1 li\u1ec1n m\u1ea1ch.<\/p>\n<p data-start=\"874\" data-end=\"1164\">Tay c\u1ea7m b\u1ecdc da cao c\u1ea5p t\u1ea1o c\u1ea3m gi\u00e1c \u00eam \u00e1i, ch\u1ed1ng tr\u01b0\u1ee3t v\u00e0 gi\u00fap ng\u01b0\u1eddi ch\u01a1i ki\u1ec3m so\u00e1t l\u1ef1c \u0111\u00e1nh chu\u1ea9n x\u00e1c. \u0110\u1ea7u t\u1ea9y <strong data-start=\"986\" data-end=\"993\">How<\/strong> cho kh\u1ea3 n\u0103ng b\u00e1m bi t\u1ed1t, t\u1ea1o \u0111i\u1ec1u ki\u1ec7n th\u1ef1c hi\u1ec7n c\u00e1c c\u00fa xo\u00e1y v\u00e0 k\u1ef9 thu\u1eadt n\u00e2ng cao. Ph\u00edp ch\u1ea5t l\u01b0\u1ee3ng cao gi\u00fap t\u0103ng \u0111\u1ed9 b\u1ec1n v\u00e0 \u0111\u1ed9 \u1ed5n \u0111\u1ecbnh khi \u0111\u00e1nh m\u1ea1nh ho\u1eb7c \u0111\u00e1nh li\u00ean ti\u1ebfp.<\/p>\n<p data-start=\"1166\" data-end=\"1463\">V\u1edbi thi\u1ebft k\u1ebf tinh t\u1ebf, v\u1eadt li\u1ec7u ch\u1ea5t l\u01b0\u1ee3ng v\u00e0 c\u00f4ng ngh\u1ec7 hi\u1ec7n \u0111\u1ea1i, <strong data-start=\"1231\" data-end=\"1249\">C\u01a1 Bida TY MLD<\/strong> kh\u00f4ng ch\u1ec9 l\u00e0 c\u00e2y c\u01a1 l\u00fd t\u01b0\u1edfng cho ng\u01b0\u1eddi m\u1edbi m\u00e0 c\u00f2n l\u00e0 l\u1ef1a ch\u1ecdn \u0111\u00e1ng tin c\u1eady cho c\u00e1c c\u01a1 th\u1ee7 chuy\u00ean nghi\u1ec7p. \u0110\u00e2y l\u00e0 s\u1ea3n ph\u1ea9m gi\u00fap b\u1ea1n n\u00e2ng tr\u00ecnh k\u1ef9 thu\u1eadt, ki\u1ec3m so\u00e1t l\u1ef1c \u0111\u00e1nh v\u00e0 t\u1eadn h\u01b0\u1edfng tr\u1ecdn v\u1eb9n ni\u1ec1m vui ch\u01a1i bida<\/p>\n<p>&nbsp;<\/p>\n","protected":false},"excerpt":{"rendered":"<p>G\u1eady bi a TY MLD Th\u00f4ng tin chi ti\u1ebft C\u01a1 Bida TY MLD Th\u01b0\u01a1ng hi\u1ec7u: TY Billiards Chu\u00f4i: V\u00e2n g\u1ed7 gh\u00e9p m\u1ea3nh Ng\u1ecdn: Hyper Conical l\u00f5i Carbon xuy\u00ean t\u00e2m Size ng\u1ecdn: 12,5mm Ren: Radial Tay c\u1ea7m: B\u1ecdc da T\u1ea9y: How C\u01a1 Bida TY MLD \u2013 S\u1ef1 k\u1ebft h\u1ee3p ho\u00e0n h\u1ea3o gi\u1eefa c\u00f4ng ngh\u1ec7 v\u00e0 c\u1ea3m [&#8230;]\n","protected":false},"featured_media":1205,"comment_status":"open","ping_status":"closed","template":"","meta":[],"product_brand":[54],"product_cat":[53],"product_tag":[39,55],"class_list":{"0":"post-370","1":"product","2":"type-product","3":"status-publish","4":"has-post-thumbnail","6":"product_brand-ty","7":"product_cat-ty-mld","8":"product_tag-gay-bi-a","9":"product_tag-gay-bi-a-ty","11":"first","12":"instock","13":"shipping-taxable","14":"purchasable","15":"product-type-variable"},"yoast_head":"<!-- This site is optimized with the Yoast SEO plugin v27.2 - https:\/\/yoast.com\/product\/yoast-seo-wordpress\/ -->\n<title>G\u1eady bi a TY MLD - Jay Billiards - Chuy\u00ean g\u1eady Bida ch\u00ednh h\u00e3ng gi\u00e1 t\u1ed1t<\/title>\n<meta name=\"description\" content=\"Th\u00f4ng tin chi ti\u1ebft C\u01a1 Bida TY MLD. Th\u01b0\u01a1ng hi\u1ec7u: TY Billiards Chu\u00f4i: V\u00e2n g\u1ed7 gh\u00e9p m\u1ea3nh. Ng\u1ecdn: Hyper Conical l\u00f5i Carbon xuy\u00ean t\u00e2m. Size ng\u1ecdn: 12,5mm 7.500.000 \u20ab\" \/>\n<meta name=\"robots\" content=\"index, follow, max-snippet:-1, max-image-preview:large, max-video-preview:-1\" \/>\n<link rel=\"canonical\" href=\"https:\/\/jaybillards.azdigi.shop\/?product=gay-bi-a-ty-mld\" \/>\n<meta property=\"og:locale\" content=\"vi_VN\" \/>\n<meta property=\"og:type\" content=\"article\" \/>\n<meta property=\"og:title\" content=\"G\u1eady bi a TY MLD - Jay Billiards - Chuy\u00ean g\u1eady Bida ch\u00ednh h\u00e3ng gi\u00e1 t\u1ed1t\" \/>\n<meta property=\"og:description\" content=\"Th\u00f4ng tin chi ti\u1ebft C\u01a1 Bida TY MLD. Th\u01b0\u01a1ng hi\u1ec7u: TY Billiards Chu\u00f4i: V\u00e2n g\u1ed7 gh\u00e9p m\u1ea3nh. Ng\u1ecdn: Hyper Conical l\u00f5i Carbon xuy\u00ean t\u00e2m. Size ng\u1ecdn: 12,5mm 7.500.000 \u20ab\" \/>\n<meta property=\"og:url\" content=\"https:\/\/jaybillards.azdigi.shop\/?product=gay-bi-a-ty-mld\" \/>\n<meta property=\"og:site_name\" content=\"Jay Billiards - Chuy\u00ean g\u1eady Bida ch\u00ednh h\u00e3ng gi\u00e1 t\u1ed1t\" \/>\n<meta property=\"article:modified_time\" content=\"2026-04-05T20:04:45+00:00\" \/>\n<meta property=\"og:image\" content=\"https:\/\/jaybillards.azdigi.shop\/wp-content\/uploads\/2026\/03\/co-13.png\" \/>\n\t<meta property=\"og:image:width\" content=\"1536\" \/>\n\t<meta property=\"og:image:height\" content=\"1536\" \/>\n\t<meta property=\"og:image:type\" content=\"image\/png\" \/>\n<meta name=\"twitter:card\" content=\"summary_large_image\" \/>\n<meta name=\"twitter:label1\" content=\"\u01af\u1edbc t\u00ednh th\u1eddi gian \u0111\u1ecdc\" \/>\n\t<meta name=\"twitter:data1\" content=\"3 ph\u00fat\" \/>\n<script type=\"application\/ld+json\" class=\"yoast-schema-graph\">{\"@context\":\"https:\/\/schema.org\",\"@graph\":[{\"@type\":\"WebPage\",\"@id\":\"https:\/\/jaybillards.azdigi.shop\/?product=gay-bi-a-ty-mld\",\"url\":\"https:\/\/jaybillards.azdigi.shop\/?product=gay-bi-a-ty-mld\",\"name\":\"G\u1eady bi a TY MLD - Jay Billiards - Chuy\u00ean g\u1eady Bida ch\u00ednh h\u00e3ng gi\u00e1 t\u1ed1t\",\"isPartOf\":{\"@id\":\"https:\/\/jaybillards.azdigi.shop\/#website\"},\"primaryImageOfPage\":{\"@id\":\"https:\/\/jaybillards.azdigi.shop\/?product=gay-bi-a-ty-mld#primaryimage\"},\"image\":{\"@id\":\"https:\/\/jaybillards.azdigi.shop\/?product=gay-bi-a-ty-mld#primaryimage\"},\"thumbnailUrl\":\"https:\/\/jaybillards.azdigi.shop\/wp-content\/uploads\/2026\/03\/co-13.png\",\"datePublished\":\"2026-03-26T16:03:50+00:00\",\"dateModified\":\"2026-04-05T20:04:45+00:00\",\"description\":\"Th\u00f4ng tin chi ti\u1ebft C\u01a1 Bida TY MLD. Th\u01b0\u01a1ng hi\u1ec7u: TY Billiards Chu\u00f4i: V\u00e2n g\u1ed7 gh\u00e9p m\u1ea3nh. Ng\u1ecdn: Hyper Conical l\u00f5i Carbon xuy\u00ean t\u00e2m. Size ng\u1ecdn: 12,5mm 7.500.000 \u20ab\",\"breadcrumb\":{\"@id\":\"https:\/\/jaybillards.azdigi.shop\/?product=gay-bi-a-ty-mld#breadcrumb\"},\"inLanguage\":\"vi\",\"potentialAction\":[{\"@type\":\"ReadAction\",\"target\":[\"https:\/\/jaybillards.azdigi.shop\/?product=gay-bi-a-ty-mld\"]}]},{\"@type\":\"ImageObject\",\"inLanguage\":\"vi\",\"@id\":\"https:\/\/jaybillards.azdigi.shop\/?product=gay-bi-a-ty-mld#primaryimage\",\"url\":\"https:\/\/jaybillards.azdigi.shop\/wp-content\/uploads\/2026\/03\/co-13.png\",\"contentUrl\":\"https:\/\/jaybillards.azdigi.shop\/wp-content\/uploads\/2026\/03\/co-13.png\",\"width\":1536,\"height\":1536},{\"@type\":\"BreadcrumbList\",\"@id\":\"https:\/\/jaybillards.azdigi.shop\/?product=gay-bi-a-ty-mld#breadcrumb\",\"itemListElement\":[{\"@type\":\"ListItem\",\"position\":1,\"name\":\"Trang ch\u1ee7\",\"item\":\"https:\/\/jaybillards.azdigi.shop\/\"},{\"@type\":\"ListItem\",\"position\":2,\"name\":\"C\u1eeda h\u00e0ng\",\"item\":\"https:\/\/jaybillards.azdigi.shop\/?page_id=274\"},{\"@type\":\"ListItem\",\"position\":3,\"name\":\"G\u1eady bi a TY MLD\"}]},{\"@type\":\"WebSite\",\"@id\":\"https:\/\/jaybillards.azdigi.shop\/#website\",\"url\":\"https:\/\/jaybillards.azdigi.shop\/\",\"name\":\"Jay Billiards - Chuy\u00ean g\u1eady Bida ch\u00ednh h\u00e3ng gi\u00e1 t\u1ed1t\",\"description\":\"\",\"potentialAction\":[{\"@type\":\"SearchAction\",\"target\":{\"@type\":\"EntryPoint\",\"urlTemplate\":\"https:\/\/jaybillards.azdigi.shop\/?s={search_term_string}\"},\"query-input\":{\"@type\":\"PropertyValueSpecification\",\"valueRequired\":true,\"valueName\":\"search_term_string\"}}],\"inLanguage\":\"vi\"}]}<\/script>\n<!-- \/ Yoast SEO plugin. -->","yoast_head_json":{"title":"G\u1eady bi a TY MLD - Jay Billiards - Chuy\u00ean g\u1eady Bida ch\u00ednh h\u00e3ng gi\u00e1 t\u1ed1t","description":"Th\u00f4ng tin chi ti\u1ebft C\u01a1 Bida TY MLD. Th\u01b0\u01a1ng hi\u1ec7u: TY Billiards Chu\u00f4i: V\u00e2n g\u1ed7 gh\u00e9p m\u1ea3nh. Ng\u1ecdn: Hyper Conical l\u00f5i Carbon xuy\u00ean t\u00e2m. Size ng\u1ecdn: 12,5mm 7.500.000 \u20ab","robots":{"index":"index","follow":"follow","max-snippet":"max-snippet:-1","max-image-preview":"max-image-preview:large","max-video-preview":"max-video-preview:-1"},"canonical":"https:\/\/jaybillards.azdigi.shop\/?product=gay-bi-a-ty-mld","og_locale":"vi_VN","og_type":"article","og_title":"G\u1eady bi a TY MLD - Jay Billiards - Chuy\u00ean g\u1eady Bida ch\u00ednh h\u00e3ng gi\u00e1 t\u1ed1t","og_description":"Th\u00f4ng tin chi ti\u1ebft C\u01a1 Bida TY MLD. Th\u01b0\u01a1ng hi\u1ec7u: TY Billiards Chu\u00f4i: V\u00e2n g\u1ed7 gh\u00e9p m\u1ea3nh. Ng\u1ecdn: Hyper Conical l\u00f5i Carbon xuy\u00ean t\u00e2m. Size ng\u1ecdn: 12,5mm 7.500.000 \u20ab","og_url":"https:\/\/jaybillards.azdigi.shop\/?product=gay-bi-a-ty-mld","og_site_name":"Jay Billiards - Chuy\u00ean g\u1eady Bida ch\u00ednh h\u00e3ng gi\u00e1 t\u1ed1t","article_modified_time":"2026-04-05T20:04:45+00:00","og_image":[{"width":1536,"height":1536,"url":"https:\/\/jaybillards.azdigi.shop\/wp-content\/uploads\/2026\/03\/co-13.png","type":"image\/png"}],"twitter_card":"summary_large_image","twitter_misc":{"\u01af\u1edbc t\u00ednh th\u1eddi gian \u0111\u1ecdc":"3 ph\u00fat"},"schema":{"@context":"https:\/\/schema.org","@graph":[{"@type":"WebPage","@id":"https:\/\/jaybillards.azdigi.shop\/?product=gay-bi-a-ty-mld","url":"https:\/\/jaybillards.azdigi.shop\/?product=gay-bi-a-ty-mld","name":"G\u1eady bi a TY MLD - Jay Billiards - Chuy\u00ean g\u1eady Bida ch\u00ednh h\u00e3ng gi\u00e1 t\u1ed1t","isPartOf":{"@id":"https:\/\/jaybillards.azdigi.shop\/#website"},"primaryImageOfPage":{"@id":"https:\/\/jaybillards.azdigi.shop\/?product=gay-bi-a-ty-mld#primaryimage"},"image":{"@id":"https:\/\/jaybillards.azdigi.shop\/?product=gay-bi-a-ty-mld#primaryimage"},"thumbnailUrl":"https:\/\/jaybillards.azdigi.shop\/wp-content\/uploads\/2026\/03\/co-13.png","datePublished":"2026-03-26T16:03:50+00:00","dateModified":"2026-04-05T20:04:45+00:00","description":"Th\u00f4ng tin chi ti\u1ebft C\u01a1 Bida TY MLD. Th\u01b0\u01a1ng hi\u1ec7u: TY Billiards Chu\u00f4i: V\u00e2n g\u1ed7 gh\u00e9p m\u1ea3nh. Ng\u1ecdn: Hyper Conical l\u00f5i Carbon xuy\u00ean t\u00e2m. Size ng\u1ecdn: 12,5mm 7.500.000 \u20ab","breadcrumb":{"@id":"https:\/\/jaybillards.azdigi.shop\/?product=gay-bi-a-ty-mld#breadcrumb"},"inLanguage":"vi","potentialAction":[{"@type":"ReadAction","target":["https:\/\/jaybillards.azdigi.shop\/?product=gay-bi-a-ty-mld"]}]},{"@type":"ImageObject","inLanguage":"vi","@id":"https:\/\/jaybillards.azdigi.shop\/?product=gay-bi-a-ty-mld#primaryimage","url":"https:\/\/jaybillards.azdigi.shop\/wp-content\/uploads\/2026\/03\/co-13.png","contentUrl":"https:\/\/jaybillards.azdigi.shop\/wp-content\/uploads\/2026\/03\/co-13.png","width":1536,"height":1536},{"@type":"BreadcrumbList","@id":"https:\/\/jaybillards.azdigi.shop\/?product=gay-bi-a-ty-mld#breadcrumb","itemListElement":[{"@type":"ListItem","position":1,"name":"Trang ch\u1ee7","item":"https:\/\/jaybillards.azdigi.shop\/"},{"@type":"ListItem","position":2,"name":"C\u1eeda h\u00e0ng","item":"https:\/\/jaybillards.azdigi.shop\/?page_id=274"},{"@type":"ListItem","position":3,"name":"G\u1eady bi a TY MLD"}]},{"@type":"WebSite","@id":"https:\/\/jaybillards.azdigi.shop\/#website","url":"https:\/\/jaybillards.azdigi.shop\/","name":"Jay Billiards - Chuy\u00ean g\u1eady Bida ch\u00ednh h\u00e3ng gi\u00e1 t\u1ed1t","description":"","potentialAction":[{"@type":"SearchAction","target":{"@type":"EntryPoint","urlTemplate":"https:\/\/jaybillards.azdigi.shop\/?s={search_term_string}"},"query-input":{"@type":"PropertyValueSpecification","valueRequired":true,"valueName":"search_term_string"}}],"inLanguage":"vi"}]}},"_links":{"self":[{"href":"https:\/\/jaybillards.azdigi.shop\/index.php?rest_route=\/wp\/v2\/product\/370","targetHints":{"allow":["GET"]}}],"collection":[{"href":"https:\/\/jaybillards.azdigi.shop\/index.php?rest_route=\/wp\/v2\/product"}],"about":[{"href":"https:\/\/jaybillards.azdigi.shop\/index.php?rest_route=\/wp\/v2\/types\/product"}],"replies":[{"embeddable":true,"href":"https:\/\/jaybillards.azdigi.shop\/index.php?rest_route=%2Fwp%2Fv2%2Fcomments&post=370"}],"wp:featuredmedia":[{"embeddable":true,"href":"https:\/\/jaybillards.azdigi.shop\/index.php?rest_route=\/wp\/v2\/media\/1205"}],"wp:attachment":[{"href":"https:\/\/jaybillards.azdigi.shop\/index.php?rest_route=%2Fwp%2Fv2%2Fmedia&parent=370"}],"wp:term":[{"taxonomy":"product_brand","embeddable":true,"href":"https:\/\/jaybillards.azdigi.shop\/index.php?rest_route=%2Fwp%2Fv2%2Fproduct_brand&post=370"},{"taxonomy":"product_cat","embeddable":true,"href":"https:\/\/jaybillards.azdigi.shop\/index.php?rest_route=%2Fwp%2Fv2%2Fproduct_cat&post=370"},{"taxonomy":"product_tag","embeddable":true,"href":"https:\/\/jaybillards.azdigi.shop\/index.php?rest_route=%2Fwp%2Fv2%2Fproduct_tag&post=370"}],"curies":[{"name":"wp","href":"https:\/\/api.w.org\/{rel}","templated":true}]}}