{"id":354,"date":"2026-03-26T19:24:18","date_gmt":"2026-03-26T12:24:18","guid":{"rendered":"https:\/\/jaybillards.azdigi.shop\/?post_type=product&#038;p=354"},"modified":"2026-04-09T22:39:10","modified_gmt":"2026-04-09T15:39:10","slug":"gay-bi-a-unicues-ul","status":"publish","type":"product","link":"https:\/\/jaybillards.azdigi.shop\/?product=gay-bi-a-unicues-ul","title":{"rendered":"G\u1eady Bi a Unicues UL"},"content":{"rendered":"<p>G\u1eady Bi a Unicues UL l\u00e0 m\u1ed9t trong nh\u1eefng d\u00f2ng g\u1eady bi a \u201cqu\u1ed1c d\u00e2n\u201d c\u1ee7a Unicues. Mua G\u1eady Bi a Unicues UL \u0111\u01b0\u1ee3c t\u1eb7ng 1 n\u1ed1i d\u00e0i v\u00e0 6 ph\u1ee5 ki\u1ec7n \u0111i k\u00e8m g\u1ed3m bao da, g\u0103ng tay, l\u01a1, kh\u0103n lau tay chuy\u00ean d\u1ee5ng\u2026<\/p>\n<ul>\n<li>Ch\u1ea5t li\u1ec7u chu\u00f4i: G\u1ed7 Maple Canada cao c\u1ea5p<\/li>\n<li>Ch\u1ea5t li\u1ec7u ng\u1ecdn: M\u1ed9c<\/li>\n<li>Ren: Radial<\/li>\n<li>Ng\u1ecdn: M\u1ed9c<\/li>\n<li>K\u00edch th\u01b0\u1edbc ng\u1ecdn: 12.9mm<\/li>\n<li>Tay c\u1ea7m: Tay b\u1ecdc da b\u00f2 Togo\/Da k\u1ef3 \u0111\u00e0\/Da tr\u0103n<\/li>\n<li>Tr\u1ecdng l\u01b0\u1ee3ng: 19oz\n<p data-start=\"135\" data-end=\"192\"><strong data-start=\"135\" data-end=\"190\">G\u1eady Bi A Unicues UL \u2013 D\u00f2ng g\u1eady qu\u1ed1c d\u00e2n c\u1ee7a Unicues<\/strong><\/p>\n<p data-start=\"194\" data-end=\"539\"><strong data-start=\"194\" data-end=\"217\">G\u1eady Bi a Unicues UL<\/strong> l\u00e0 m\u1ed9t trong nh\u1eefng d\u00f2ng g\u1eady \u201cqu\u1ed1c d\u00e2n\u201d c\u1ee7a th\u01b0\u01a1ng hi\u1ec7u <strong data-start=\"273\" data-end=\"284\">Unicues<\/strong>, \u0111\u01b0\u1ee3c thi\u1ebft k\u1ebf d\u00e0nh cho c\u1ea3 ng\u01b0\u1eddi m\u1edbi ch\u01a1i v\u00e0 c\u01a1 th\u1ee7 chuy\u00ean nghi\u1ec7p. Khi mua g\u1eady, kh\u00e1ch h\u00e0ng c\u00f2n \u0111\u01b0\u1ee3c t\u1eb7ng <strong data-start=\"390\" data-end=\"424\">1 n\u1ed1i d\u00e0i v\u00e0 6 ph\u1ee5 ki\u1ec7n \u0111i k\u00e8m<\/strong> g\u1ed3m bao da, g\u0103ng tay, l\u01a1, kh\u0103n lau tay chuy\u00ean d\u1ee5ng, gi\u00fap tr\u1ea3i nghi\u1ec7m ch\u01a1i Bi A tr\u1edf n\u00ean tr\u1ecdn v\u1eb9n v\u00e0 ti\u1ec7n l\u1ee3i h\u01a1n.<\/p>\n<p data-start=\"541\" data-end=\"1010\">Chu\u00f4i g\u1eady \u0111\u01b0\u1ee3c l\u00e0m t\u1eeb <strong data-start=\"563\" data-end=\"590\">g\u1ed7 Maple Canada cao c\u1ea5p<\/strong>, k\u1ebft h\u1ee3p v\u1edbi ng\u1ecdn <strong data-start=\"609\" data-end=\"616\">m\u1ed9c<\/strong> t\u1ef1 nhi\u00ean, mang \u0111\u1ebfn \u0111\u1ed9 c\u1ee9ng, \u1ed5n \u0111\u1ecbnh v\u00e0 c\u1ea3m gi\u00e1c \u0111\u00e1nh m\u01b0\u1ee3t m\u00e0. Ng\u1ecdn g\u1eady 12.9mm c\u00f9ng ren <strong data-start=\"704\" data-end=\"714\">Radial<\/strong> gi\u00fap k\u1ebft n\u1ed1i ch\u1eafc ch\u1eafn, gi\u1ea3m rung l\u1eafc, t\u1ed1i \u01b0u kh\u1ea3 n\u0103ng ki\u1ec3m so\u00e1t l\u1ef1c v\u00e0 h\u01b0\u1edbng \u0111i c\u1ee7a bi. Tay c\u1ea7m b\u1ecdc da cao c\u1ea5p nh\u01b0 <strong data-start=\"831\" data-end=\"868\">da b\u00f2 Togo, da k\u1ef3 \u0111\u00e0 ho\u1eb7c da tr\u0103n<\/strong> cho c\u1ea3m gi\u00e1c \u00eam \u00e1i, ch\u1ed1ng tr\u01b0\u1ee3t v\u00e0 ki\u1ec3m so\u00e1t l\u1ef1c \u0111\u00e1nh chu\u1ea9n x\u00e1c. Tr\u1ecdng l\u01b0\u1ee3ng g\u1eady 19oz \u0111\u01b0\u1ee3c c\u00e2n ch\u1ec9nh h\u1ee3p l\u00fd, ph\u00f9 h\u1ee3p v\u1edbi \u0111a s\u1ed1 c\u01a1 th\u1ee7 Vi\u1ec7t.<\/p>\n<p data-start=\"1012\" data-end=\"1414\"><strong data-start=\"1012\" data-end=\"1027\">JayBilliard<\/strong> cam k\u1ebft cung c\u1ea5p s\u1ea3n ph\u1ea9m ch\u00ednh h\u00e3ng 100%, gi\u00e1 t\u1ed1t nh\u1ea5t th\u1ecb tr\u01b0\u1eddng, v\u1edbi ch\u00ednh s\u00e1ch b\u1ea3o h\u00e0nh v\u00e0 \u0111\u1ed5i tr\u1ea3 r\u00f5 r\u00e0ng. S\u1ea3n ph\u1ea9m \u0111\u01b0\u1ee3c b\u1ea3o h\u00e0nh l\u1ed7i k\u1ef9 thu\u1eadt t\u1eeb nh\u00e0 s\u1ea3n xu\u1ea5t, cong v\u00eanh ng\u1ecdn m\u1ed9c 6 th\u00e1ng, ng\u1ecdn carbon 2 n\u0103m, b\u1ea3o h\u00e0nh tr\u1ecdn \u0111\u1eddi \u0111\u1ea7u t\u1ea9y khi mua g\u1eady v\u00e0 thay t\u1ea1i JayBilliard. Kh\u00e1ch h\u00e0ng \u0111\u01b0\u1ee3c ph\u00e9p <strong data-start=\"1324\" data-end=\"1368\">test c\u01a1 tr\u1ef1c ti\u1ebfp mi\u1ec5n ph\u00ed t\u1ea1i c\u00e1c c\u01a1 s\u1edf<\/strong>, \u0111\u1ea3m b\u1ea3o tr\u1ea3i nghi\u1ec7m th\u1ef1c t\u1ebf tr\u01b0\u1edbc khi mua.<\/p>\n<p data-start=\"1416\" data-end=\"1616\">V\u1edbi <strong data-start=\"1420\" data-end=\"1443\">G\u1eady Bi a Unicues UL<\/strong>, anh em kh\u00f4ng ch\u1ec9 s\u1edf h\u1eefu c\u00e2y c\u01a1 ch\u1ea5t l\u01b0\u1ee3ng, b\u1ec1n b\u1ec9 m\u00e0 c\u00f2n \u0111\u01b0\u1ee3c tr\u1ea3i nghi\u1ec7m c\u1ea3m gi\u00e1c ch\u01a1i Bi A chu\u1ea9n m\u1ef1c, n\u00e2ng tr\u00ecnh k\u1ef9 thu\u1eadt v\u00e0 t\u1eadn h\u01b0\u1edfng tr\u1ecdn v\u1eb9n ni\u1ec1m vui tr\u00ean b\u00e0n bida.<\/p>\n<\/li>\n<\/ul>\n<div class=\"xdj266r x11i5rnm xat24cr x1mh8g0r x1vvkbs x126k92a\">\n<h2 dir=\"auto\">Jaybilliard \u2013 Th\u01b0\u01a1ng hi\u1ec7u c\u01a1 bida t\u1eeb c\u01a1 b\u1ea3n \u0111\u1ebfn cao c\u1ea5p<\/h2>\n<\/div>\n<div class=\"x11i5rnm xat24cr x1mh8g0r x1vvkbs xtlvy1s x126k92a\">\n<div dir=\"auto\">\n<ol>\n<li>Gi\u00e1 t\u1ed1t nh\u1ea5t th\u1ecb tr\u01b0\u1eddng<\/li>\n<li>Ch\u00ednh s\u00e1ch b\u1ea3o h\u00e0nh, \u0111\u1ed5i tr\u1ea3 r\u00f5 r\u00e0ng<\/li>\n<li>Cam k\u1ebft h\u00e0ng ch\u00ednh h\u00e3ng 100%, fake \u0111\u1ec1n g\u1ea5p 10<\/li>\n<li>Test c\u01a1 tr\u1ef1c ti\u1ebfp, mi\u1ec5n ph\u00ed t\u1ea1i c\u00e1c c\u01a1 s\u1edf.<\/li>\n<\/ol>\n<\/div>\n<div dir=\"auto\">\n<div class=\"xdj266r x11i5rnm xat24cr x1mh8g0r x1vvkbs x126k92a\">\n<h2 dir=\"auto\">Jaybilliard \u2013 B\u1ea3o h\u00e0nh khi mua v\u00e0 s\u1eed d\u1ee5ng s\u1ea3n ph\u1ea9m<\/h2>\n<\/div>\n<div class=\"x11i5rnm xat24cr x1mh8g0r x1vvkbs xtlvy1s x126k92a\">\n<ol>\n<li dir=\"auto\">B\u1ea3o h\u00e0nh c\u1ea3 l\u1ed7i ng\u01b0\u1eddi d\u00f9ng. \u0110\u1ea7u ti\u00ean v\u00e0 duy nh\u1ea5t t\u1ea1i Jaybilliard<\/li>\n<li dir=\"auto\">B\u1ea3o h\u00e0nh l\u1ed7i k\u1ef9 thu\u1eadt t\u1eeb nh\u00e0 s\u1ea3n xu\u1ea5t<\/li>\n<li dir=\"auto\">Jaybilliard b\u1ea3o h\u00e0nh cong v\u00eanh 06 th\u00e1ng v\u1edbi ng\u1ecdn m\u1ed9c, 02 n\u0103m v\u1edbi ng\u1ecdn carbon<\/li>\n<li dir=\"auto\">B\u1ea3o h\u00e0nh tr\u1ecdn \u0111\u1eddi \u0111\u1ea7u t\u1ea9y khi mua g\u1eady v\u00e0 thay \u0111\u1ea7u t\u1ea9y t\u1ea1i Jaybilliard<\/li>\n<\/ol>\n<\/div>\n<\/div>\n<\/div>\n<p>Ch\u00fang t\u00f4i hy v\u1ecdng mang \u0111\u1ebfn cho kh\u00e1ch h\u00e0ng nh\u1eefng tr\u1ea3i nghi\u1ec7m t\u1ed1t nh\u1ea5t khi mua h\u00e0ng t\u1ea1i Billiard.<\/p>\n","protected":false},"excerpt":{"rendered":"<p>G\u1eady Bi a Unicues UL l\u00e0 m\u1ed9t trong nh\u1eefng d\u00f2ng g\u1eady bi a \u201cqu\u1ed1c d\u00e2n\u201d c\u1ee7a Unicues. Mua G\u1eady Bi a Unicues UL \u0111\u01b0\u1ee3c t\u1eb7ng 1 n\u1ed1i d\u00e0i v\u00e0 6 ph\u1ee5 ki\u1ec7n \u0111i k\u00e8m g\u1ed3m bao da, g\u0103ng tay, l\u01a1, kh\u0103n lau tay chuy\u00ean d\u1ee5ng\u2026 Ch\u1ea5t li\u1ec7u chu\u00f4i: G\u1ed7 Maple Canada cao c\u1ea5p Ch\u1ea5t li\u1ec7u [&#8230;]\n","protected":false},"featured_media":1191,"comment_status":"open","ping_status":"closed","template":"","meta":[],"product_brand":[51],"product_cat":[50],"product_tag":[39,52],"class_list":{"0":"post-354","1":"product","2":"type-product","3":"status-publish","4":"has-post-thumbnail","6":"product_brand-unicues","7":"product_cat-unicues","8":"product_tag-gay-bi-a","9":"product_tag-gay-bi-a-unicues","11":"first","12":"instock","13":"shipping-taxable","14":"purchasable","15":"product-type-variable"},"yoast_head":"<!-- This site is optimized with the Yoast SEO plugin v27.2 - https:\/\/yoast.com\/product\/yoast-seo-wordpress\/ -->\n<title>G\u1eady Bi a Unicues UL - Jay Billiards - Chuy\u00ean g\u1eady Bida ch\u00ednh h\u00e3ng gi\u00e1 t\u1ed1t<\/title>\n<meta name=\"description\" content=\"G\u1eady Bi a Unicues UL \u00b7 Ch\u1ea5t li\u1ec7u chu\u00f4i: G\u1ed7 Maple Canada cao c\u1ea5p \u00b7 Ch\u1ea5t li\u1ec7u ng\u1ecdn: M\u1ed9c \u00b7 Ren: Radial \u00b7 Ng\u1ecdn: M\u1ed9c \u00b7 K\u00edch th\u01b0\u1edbc ng\u1ecdn: 12.9mm \u00b7 Tay c\u1ea7m: Tay b\u1ecdc da ...1.990.000 \u20ab\" \/>\n<meta name=\"robots\" content=\"index, follow, max-snippet:-1, max-image-preview:large, max-video-preview:-1\" \/>\n<link rel=\"canonical\" href=\"https:\/\/jaybillards.azdigi.shop\/?product=gay-bi-a-unicues-ul\" \/>\n<meta property=\"og:locale\" content=\"vi_VN\" \/>\n<meta property=\"og:type\" content=\"article\" \/>\n<meta property=\"og:title\" content=\"G\u1eady Bi a Unicues UL - Jay Billiards - Chuy\u00ean g\u1eady Bida ch\u00ednh h\u00e3ng gi\u00e1 t\u1ed1t\" \/>\n<meta property=\"og:description\" content=\"G\u1eady Bi a Unicues UL \u00b7 Ch\u1ea5t li\u1ec7u chu\u00f4i: G\u1ed7 Maple Canada cao c\u1ea5p \u00b7 Ch\u1ea5t li\u1ec7u ng\u1ecdn: M\u1ed9c \u00b7 Ren: Radial \u00b7 Ng\u1ecdn: M\u1ed9c \u00b7 K\u00edch th\u01b0\u1edbc ng\u1ecdn: 12.9mm \u00b7 Tay c\u1ea7m: Tay b\u1ecdc da ...1.990.000 \u20ab\" \/>\n<meta property=\"og:url\" content=\"https:\/\/jaybillards.azdigi.shop\/?product=gay-bi-a-unicues-ul\" \/>\n<meta property=\"og:site_name\" content=\"Jay Billiards - Chuy\u00ean g\u1eady Bida ch\u00ednh h\u00e3ng gi\u00e1 t\u1ed1t\" \/>\n<meta property=\"article:modified_time\" content=\"2026-04-09T15:39:10+00:00\" \/>\n<meta property=\"og:image\" content=\"https:\/\/jaybillards.azdigi.shop\/wp-content\/uploads\/2026\/03\/co-11-1024x1024.png\" \/>\n\t<meta property=\"og:image:width\" content=\"1024\" \/>\n\t<meta property=\"og:image:height\" content=\"1024\" \/>\n\t<meta property=\"og:image:type\" content=\"image\/png\" \/>\n<meta name=\"twitter:card\" content=\"summary_large_image\" \/>\n<meta name=\"twitter:label1\" content=\"\u01af\u1edbc t\u00ednh th\u1eddi gian \u0111\u1ecdc\" \/>\n\t<meta name=\"twitter:data1\" content=\"4 ph\u00fat\" \/>\n<script type=\"application\/ld+json\" class=\"yoast-schema-graph\">{\"@context\":\"https:\/\/schema.org\",\"@graph\":[{\"@type\":\"WebPage\",\"@id\":\"https:\/\/jaybillards.azdigi.shop\/?product=gay-bi-a-unicues-ul\",\"url\":\"https:\/\/jaybillards.azdigi.shop\/?product=gay-bi-a-unicues-ul\",\"name\":\"G\u1eady Bi a Unicues UL - Jay Billiards - Chuy\u00ean g\u1eady Bida ch\u00ednh h\u00e3ng gi\u00e1 t\u1ed1t\",\"isPartOf\":{\"@id\":\"https:\/\/jaybillards.azdigi.shop\/#website\"},\"primaryImageOfPage\":{\"@id\":\"https:\/\/jaybillards.azdigi.shop\/?product=gay-bi-a-unicues-ul#primaryimage\"},\"image\":{\"@id\":\"https:\/\/jaybillards.azdigi.shop\/?product=gay-bi-a-unicues-ul#primaryimage\"},\"thumbnailUrl\":\"https:\/\/jaybillards.azdigi.shop\/wp-content\/uploads\/2026\/03\/co-11.png\",\"datePublished\":\"2026-03-26T12:24:18+00:00\",\"dateModified\":\"2026-04-09T15:39:10+00:00\",\"description\":\"G\u1eady Bi a Unicues UL \u00b7 Ch\u1ea5t li\u1ec7u chu\u00f4i: G\u1ed7 Maple Canada cao c\u1ea5p \u00b7 Ch\u1ea5t li\u1ec7u ng\u1ecdn: M\u1ed9c \u00b7 Ren: Radial \u00b7 Ng\u1ecdn: M\u1ed9c \u00b7 K\u00edch th\u01b0\u1edbc ng\u1ecdn: 12.9mm \u00b7 Tay c\u1ea7m: Tay b\u1ecdc da ...1.990.000 \u20ab\",\"breadcrumb\":{\"@id\":\"https:\/\/jaybillards.azdigi.shop\/?product=gay-bi-a-unicues-ul#breadcrumb\"},\"inLanguage\":\"vi\",\"potentialAction\":[{\"@type\":\"ReadAction\",\"target\":[\"https:\/\/jaybillards.azdigi.shop\/?product=gay-bi-a-unicues-ul\"]}]},{\"@type\":\"ImageObject\",\"inLanguage\":\"vi\",\"@id\":\"https:\/\/jaybillards.azdigi.shop\/?product=gay-bi-a-unicues-ul#primaryimage\",\"url\":\"https:\/\/jaybillards.azdigi.shop\/wp-content\/uploads\/2026\/03\/co-11.png\",\"contentUrl\":\"https:\/\/jaybillards.azdigi.shop\/wp-content\/uploads\/2026\/03\/co-11.png\",\"width\":2000,\"height\":2000},{\"@type\":\"BreadcrumbList\",\"@id\":\"https:\/\/jaybillards.azdigi.shop\/?product=gay-bi-a-unicues-ul#breadcrumb\",\"itemListElement\":[{\"@type\":\"ListItem\",\"position\":1,\"name\":\"Trang ch\u1ee7\",\"item\":\"https:\/\/jaybillards.azdigi.shop\/\"},{\"@type\":\"ListItem\",\"position\":2,\"name\":\"C\u1eeda h\u00e0ng\",\"item\":\"https:\/\/jaybillards.azdigi.shop\/?page_id=274\"},{\"@type\":\"ListItem\",\"position\":3,\"name\":\"G\u1eady Bi a Unicues UL\"}]},{\"@type\":\"WebSite\",\"@id\":\"https:\/\/jaybillards.azdigi.shop\/#website\",\"url\":\"https:\/\/jaybillards.azdigi.shop\/\",\"name\":\"Jay Billiards - Chuy\u00ean g\u1eady Bida ch\u00ednh h\u00e3ng gi\u00e1 t\u1ed1t\",\"description\":\"\",\"potentialAction\":[{\"@type\":\"SearchAction\",\"target\":{\"@type\":\"EntryPoint\",\"urlTemplate\":\"https:\/\/jaybillards.azdigi.shop\/?s={search_term_string}\"},\"query-input\":{\"@type\":\"PropertyValueSpecification\",\"valueRequired\":true,\"valueName\":\"search_term_string\"}}],\"inLanguage\":\"vi\"}]}<\/script>\n<!-- \/ Yoast SEO plugin. -->","yoast_head_json":{"title":"G\u1eady Bi a Unicues UL - Jay Billiards - Chuy\u00ean g\u1eady Bida ch\u00ednh h\u00e3ng gi\u00e1 t\u1ed1t","description":"G\u1eady Bi a Unicues UL \u00b7 Ch\u1ea5t li\u1ec7u chu\u00f4i: G\u1ed7 Maple Canada cao c\u1ea5p \u00b7 Ch\u1ea5t li\u1ec7u ng\u1ecdn: M\u1ed9c \u00b7 Ren: Radial \u00b7 Ng\u1ecdn: M\u1ed9c \u00b7 K\u00edch th\u01b0\u1edbc ng\u1ecdn: 12.9mm \u00b7 Tay c\u1ea7m: Tay b\u1ecdc da ...1.990.000 \u20ab","robots":{"index":"index","follow":"follow","max-snippet":"max-snippet:-1","max-image-preview":"max-image-preview:large","max-video-preview":"max-video-preview:-1"},"canonical":"https:\/\/jaybillards.azdigi.shop\/?product=gay-bi-a-unicues-ul","og_locale":"vi_VN","og_type":"article","og_title":"G\u1eady Bi a Unicues UL - Jay Billiards - Chuy\u00ean g\u1eady Bida ch\u00ednh h\u00e3ng gi\u00e1 t\u1ed1t","og_description":"G\u1eady Bi a Unicues UL \u00b7 Ch\u1ea5t li\u1ec7u chu\u00f4i: G\u1ed7 Maple Canada cao c\u1ea5p \u00b7 Ch\u1ea5t li\u1ec7u ng\u1ecdn: M\u1ed9c \u00b7 Ren: Radial \u00b7 Ng\u1ecdn: M\u1ed9c \u00b7 K\u00edch th\u01b0\u1edbc ng\u1ecdn: 12.9mm \u00b7 Tay c\u1ea7m: Tay b\u1ecdc da ...1.990.000 \u20ab","og_url":"https:\/\/jaybillards.azdigi.shop\/?product=gay-bi-a-unicues-ul","og_site_name":"Jay Billiards - Chuy\u00ean g\u1eady Bida ch\u00ednh h\u00e3ng gi\u00e1 t\u1ed1t","article_modified_time":"2026-04-09T15:39:10+00:00","og_image":[{"width":1024,"height":1024,"url":"https:\/\/jaybillards.azdigi.shop\/wp-content\/uploads\/2026\/03\/co-11-1024x1024.png","type":"image\/png"}],"twitter_card":"summary_large_image","twitter_misc":{"\u01af\u1edbc t\u00ednh th\u1eddi gian \u0111\u1ecdc":"4 ph\u00fat"},"schema":{"@context":"https:\/\/schema.org","@graph":[{"@type":"WebPage","@id":"https:\/\/jaybillards.azdigi.shop\/?product=gay-bi-a-unicues-ul","url":"https:\/\/jaybillards.azdigi.shop\/?product=gay-bi-a-unicues-ul","name":"G\u1eady Bi a Unicues UL - Jay Billiards - Chuy\u00ean g\u1eady Bida ch\u00ednh h\u00e3ng gi\u00e1 t\u1ed1t","isPartOf":{"@id":"https:\/\/jaybillards.azdigi.shop\/#website"},"primaryImageOfPage":{"@id":"https:\/\/jaybillards.azdigi.shop\/?product=gay-bi-a-unicues-ul#primaryimage"},"image":{"@id":"https:\/\/jaybillards.azdigi.shop\/?product=gay-bi-a-unicues-ul#primaryimage"},"thumbnailUrl":"https:\/\/jaybillards.azdigi.shop\/wp-content\/uploads\/2026\/03\/co-11.png","datePublished":"2026-03-26T12:24:18+00:00","dateModified":"2026-04-09T15:39:10+00:00","description":"G\u1eady Bi a Unicues UL \u00b7 Ch\u1ea5t li\u1ec7u chu\u00f4i: G\u1ed7 Maple Canada cao c\u1ea5p \u00b7 Ch\u1ea5t li\u1ec7u ng\u1ecdn: M\u1ed9c \u00b7 Ren: Radial \u00b7 Ng\u1ecdn: M\u1ed9c \u00b7 K\u00edch th\u01b0\u1edbc ng\u1ecdn: 12.9mm \u00b7 Tay c\u1ea7m: Tay b\u1ecdc da ...1.990.000 \u20ab","breadcrumb":{"@id":"https:\/\/jaybillards.azdigi.shop\/?product=gay-bi-a-unicues-ul#breadcrumb"},"inLanguage":"vi","potentialAction":[{"@type":"ReadAction","target":["https:\/\/jaybillards.azdigi.shop\/?product=gay-bi-a-unicues-ul"]}]},{"@type":"ImageObject","inLanguage":"vi","@id":"https:\/\/jaybillards.azdigi.shop\/?product=gay-bi-a-unicues-ul#primaryimage","url":"https:\/\/jaybillards.azdigi.shop\/wp-content\/uploads\/2026\/03\/co-11.png","contentUrl":"https:\/\/jaybillards.azdigi.shop\/wp-content\/uploads\/2026\/03\/co-11.png","width":2000,"height":2000},{"@type":"BreadcrumbList","@id":"https:\/\/jaybillards.azdigi.shop\/?product=gay-bi-a-unicues-ul#breadcrumb","itemListElement":[{"@type":"ListItem","position":1,"name":"Trang ch\u1ee7","item":"https:\/\/jaybillards.azdigi.shop\/"},{"@type":"ListItem","position":2,"name":"C\u1eeda h\u00e0ng","item":"https:\/\/jaybillards.azdigi.shop\/?page_id=274"},{"@type":"ListItem","position":3,"name":"G\u1eady Bi a Unicues UL"}]},{"@type":"WebSite","@id":"https:\/\/jaybillards.azdigi.shop\/#website","url":"https:\/\/jaybillards.azdigi.shop\/","name":"Jay Billiards - Chuy\u00ean g\u1eady Bida ch\u00ednh h\u00e3ng gi\u00e1 t\u1ed1t","description":"","potentialAction":[{"@type":"SearchAction","target":{"@type":"EntryPoint","urlTemplate":"https:\/\/jaybillards.azdigi.shop\/?s={search_term_string}"},"query-input":{"@type":"PropertyValueSpecification","valueRequired":true,"valueName":"search_term_string"}}],"inLanguage":"vi"}]}},"_links":{"self":[{"href":"https:\/\/jaybillards.azdigi.shop\/index.php?rest_route=\/wp\/v2\/product\/354","targetHints":{"allow":["GET"]}}],"collection":[{"href":"https:\/\/jaybillards.azdigi.shop\/index.php?rest_route=\/wp\/v2\/product"}],"about":[{"href":"https:\/\/jaybillards.azdigi.shop\/index.php?rest_route=\/wp\/v2\/types\/product"}],"replies":[{"embeddable":true,"href":"https:\/\/jaybillards.azdigi.shop\/index.php?rest_route=%2Fwp%2Fv2%2Fcomments&post=354"}],"wp:featuredmedia":[{"embeddable":true,"href":"https:\/\/jaybillards.azdigi.shop\/index.php?rest_route=\/wp\/v2\/media\/1191"}],"wp:attachment":[{"href":"https:\/\/jaybillards.azdigi.shop\/index.php?rest_route=%2Fwp%2Fv2%2Fmedia&parent=354"}],"wp:term":[{"taxonomy":"product_brand","embeddable":true,"href":"https:\/\/jaybillards.azdigi.shop\/index.php?rest_route=%2Fwp%2Fv2%2Fproduct_brand&post=354"},{"taxonomy":"product_cat","embeddable":true,"href":"https:\/\/jaybillards.azdigi.shop\/index.php?rest_route=%2Fwp%2Fv2%2Fproduct_cat&post=354"},{"taxonomy":"product_tag","embeddable":true,"href":"https:\/\/jaybillards.azdigi.shop\/index.php?rest_route=%2Fwp%2Fv2%2Fproduct_tag&post=354"}],"curies":[{"name":"wp","href":"https:\/\/api.w.org\/{rel}","templated":true}]}}