{"id":275,"date":"2026-03-26T16:40:36","date_gmt":"2026-03-26T09:40:36","guid":{"rendered":"https:\/\/jaybillards.azdigi.shop\/?page_id=275"},"modified":"2026-03-27T01:02:04","modified_gmt":"2026-03-26T18:02:04","slug":"gio-hang","status":"publish","type":"page","link":"https:\/\/jaybillards.azdigi.shop\/?page_id=275","title":{"rendered":"Gi\u1ecf h\u00e0ng"},"content":{"rendered":"\n<div data-block-name=\"woocommerce\/cart\" class=\"wp-block-woocommerce-cart alignwide is-loading\">\n<div data-block-name=\"woocommerce\/filled-cart-block\" class=\"wp-block-woocommerce-filled-cart-block\">\n<div data-block-name=\"woocommerce\/cart-items-block\" class=\"wp-block-woocommerce-cart-items-block\">\n<div data-block-name=\"woocommerce\/cart-line-items-block\" class=\"wp-block-woocommerce-cart-line-items-block\"><\/div>\n\n\n<\/div>\n\n\n\n\n<div data-block-name=\"woocommerce\/cart-totals-block\" class=\"wp-block-woocommerce-cart-totals-block\">\n<div data-block-name=\"woocommerce\/cart-order-summary-block\" class=\"wp-block-woocommerce-cart-order-summary-block\">\n<div data-block-name=\"woocommerce\/cart-order-summary-heading-block\" class=\"wp-block-woocommerce-cart-order-summary-heading-block\"><\/div><div data-block-name=\"woocommerce\/cart-order-summary-coupon-form-block\" class=\"wp-block-woocommerce-cart-order-summary-coupon-form-block\"><\/div><div data-block-name=\"woocommerce\/cart-order-summary-totals-block\" class=\"wp-block-woocommerce-cart-order-summary-totals-block\">\n<div data-block-name=\"woocommerce\/cart-order-summary-subtotal-block\" class=\"wp-block-woocommerce-cart-order-summary-subtotal-block\"><\/div>\n<div data-block-name=\"woocommerce\/cart-order-summary-discount-block\" class=\"wp-block-woocommerce-cart-order-summary-discount-block\"><\/div>\n<div data-block-name=\"woocommerce\/cart-order-summary-fee-block\" class=\"wp-block-woocommerce-cart-order-summary-fee-block\"><\/div>\n<div data-block-name=\"woocommerce\/cart-order-summary-shipping-block\" class=\"wp-block-woocommerce-cart-order-summary-shipping-block\"><\/div>\n<div data-block-name=\"woocommerce\/cart-order-summary-taxes-block\" class=\"wp-block-woocommerce-cart-order-summary-taxes-block\"><\/div><\/div>\n<\/div>\n\n\n\n<div data-block-name=\"woocommerce\/cart-express-payment-block\" class=\"wp-block-woocommerce-cart-express-payment-block\"><\/div>\n\n\n\n<div data-block-name=\"woocommerce\/proceed-to-checkout-block\" class=\"wp-block-woocommerce-proceed-to-checkout-block\"><\/div>\n\n\n\n<div data-block-name=\"woocommerce\/cart-accepted-payment-methods-block\" class=\"wp-block-woocommerce-cart-accepted-payment-methods-block\"><\/div>\n<\/div>\n<\/div>\n\n\n\n<div data-block-name=\"woocommerce\/empty-cart-block\" class=\"wp-block-woocommerce-empty-cart-block\">\n<h2 class=\"wp-block-heading has-text-align-center with-empty-cart-icon wc-block-cart__empty-cart__title\">Gi\u1ecf h\u00e0ng hi\u1ec7n t\u1ea1i ch\u01b0a c\u00f3 s\u1ea3n ph\u1ea9m n\u00e0o!<\/h2>\n\n\n\n<hr class=\"wp-block-separator has-alpha-channel-opacity is-style-dots\"\/>\n\n\n\n<h2 class=\"wp-block-heading has-text-align-center\">M\u1edbi trong c\u1eeda h\u00e0ng<\/h2>\n\n\n<div data-block-name=\"woocommerce\/product-new\" data-columns=\"4\" data-rows=\"1\" class=\"wc-block-grid wp-block-product-new wp-block-woocommerce-product-new wc-block-product-new has-4-columns\"><ul class=\"wc-block-grid__products\"><li class=\"wc-block-grid__product\">\n\t\t\t\t<a href=\"https:\/\/jaybillards.azdigi.shop\/?product=gay-bi-a-peri-sy-02\" class=\"wc-block-grid__product-link\">\n\t\t\t\t\t\n\t\t\t\t\t<div class=\"wc-block-grid__product-image\"><img loading=\"lazy\" decoding=\"async\" width=\"300\" height=\"300\" src=\"https:\/\/jaybillards.azdigi.shop\/wp-content\/uploads\/2026\/03\/1-2-1-300x300.jpg\" class=\"attachment-woocommerce_thumbnail size-woocommerce_thumbnail\" alt=\"G\u1eady Bi A Peri SY-02\" srcset=\"https:\/\/jaybillards.azdigi.shop\/wp-content\/uploads\/2026\/03\/1-2-1-300x300.jpg 300w, https:\/\/jaybillards.azdigi.shop\/wp-content\/uploads\/2026\/03\/1-2-1-1024x1024.jpg 1024w, https:\/\/jaybillards.azdigi.shop\/wp-content\/uploads\/2026\/03\/1-2-1-150x150.jpg 150w, https:\/\/jaybillards.azdigi.shop\/wp-content\/uploads\/2026\/03\/1-2-1-768x768.jpg 768w, https:\/\/jaybillards.azdigi.shop\/wp-content\/uploads\/2026\/03\/1-2-1-1536x1536.jpg 1536w, https:\/\/jaybillards.azdigi.shop\/wp-content\/uploads\/2026\/03\/1-2-1-600x600.jpg 600w, https:\/\/jaybillards.azdigi.shop\/wp-content\/uploads\/2026\/03\/1-2-1-100x100.jpg 100w, https:\/\/jaybillards.azdigi.shop\/wp-content\/uploads\/2026\/03\/1-2-1.jpg 1600w\" sizes=\"auto, (max-width: 300px) 100vw, 300px\" \/><\/div>\n\t\t\t\t\t<div class=\"wc-block-grid__product-title\">G\u1eady Bi A Peri SY-02<\/div>\n\t\t\t\t<\/a>\n\t\t\t\t<div class=\"wc-block-grid__product-price price\"><span class=\"woocommerce-Price-amount amount\" aria-hidden=\"true\">7.400.000&nbsp;<span class=\"woocommerce-Price-currencySymbol\">&#8363;<\/span><\/span> <span aria-hidden=\"true\">&ndash;<\/span> <span class=\"woocommerce-Price-amount amount\" aria-hidden=\"true\">8.000.000&nbsp;<span class=\"woocommerce-Price-currencySymbol\">&#8363;<\/span><\/span><span class=\"screen-reader-text\">Kho\u1ea3ng gi\u00e1: t\u1eeb 7.400.000&nbsp;&#8363; \u0111\u1ebfn 8.000.000&nbsp;&#8363;<\/span><\/div>\n\t\t\t\t\n\t\t\t\t<div class=\"wp-block-button wc-block-grid__product-add-to-cart\"><a href=\"https:\/\/jaybillards.azdigi.shop\/?product=gay-bi-a-peri-sy-02\" aria-label=\"L\u1ef1a ch\u1ecdn cho &ldquo;G\u1eady Bi A Peri SY-02&rdquo;\" data-quantity=\"1\" data-product_id=\"663\" data-product_sku=\"\" data-price=\"7400000\" rel=\"nofollow\" class=\"wp-block-button__link  add_to_cart_button\">Ch\u1ecdn<\/a><\/div>\n\t\t\t<\/li><li class=\"wc-block-grid__product\">\n\t\t\t\t<a href=\"https:\/\/jaybillards.azdigi.shop\/?product=gay-bi-a-peri-p-d11\" class=\"wc-block-grid__product-link\">\n\t\t\t\t\t\n\t\t\t\t\t<div class=\"wc-block-grid__product-image\"><img loading=\"lazy\" decoding=\"async\" width=\"300\" height=\"300\" src=\"https:\/\/jaybillards.azdigi.shop\/wp-content\/uploads\/2026\/03\/1-1-600x600-1-300x300.png\" class=\"attachment-woocommerce_thumbnail size-woocommerce_thumbnail\" alt=\"G\u1eady Bi a Peri P-D11\" srcset=\"https:\/\/jaybillards.azdigi.shop\/wp-content\/uploads\/2026\/03\/1-1-600x600-1-300x300.png 300w, https:\/\/jaybillards.azdigi.shop\/wp-content\/uploads\/2026\/03\/1-1-600x600-1-150x150.png 150w, https:\/\/jaybillards.azdigi.shop\/wp-content\/uploads\/2026\/03\/1-1-600x600-1-100x100.png 100w, https:\/\/jaybillards.azdigi.shop\/wp-content\/uploads\/2026\/03\/1-1-600x600-1.png 600w\" sizes=\"auto, (max-width: 300px) 100vw, 300px\" \/><\/div>\n\t\t\t\t\t<div class=\"wc-block-grid__product-title\">G\u1eady Bi a Peri P-D11<\/div>\n\t\t\t\t<\/a>\n\t\t\t\t<div class=\"wc-block-grid__product-price price\"><span class=\"woocommerce-Price-amount amount\" aria-hidden=\"true\">5.800.000&nbsp;<span class=\"woocommerce-Price-currencySymbol\">&#8363;<\/span><\/span> <span aria-hidden=\"true\">&ndash;<\/span> <span class=\"woocommerce-Price-amount amount\" aria-hidden=\"true\">6.300.000&nbsp;<span class=\"woocommerce-Price-currencySymbol\">&#8363;<\/span><\/span><span class=\"screen-reader-text\">Kho\u1ea3ng gi\u00e1: t\u1eeb 5.800.000&nbsp;&#8363; \u0111\u1ebfn 6.300.000&nbsp;&#8363;<\/span><\/div>\n\t\t\t\t\n\t\t\t\t<div class=\"wp-block-button wc-block-grid__product-add-to-cart\"><a href=\"https:\/\/jaybillards.azdigi.shop\/?product=gay-bi-a-peri-p-d11\" aria-label=\"L\u1ef1a ch\u1ecdn cho &ldquo;G\u1eady Bi a Peri P-D11&rdquo;\" data-quantity=\"1\" data-product_id=\"658\" data-product_sku=\"\" data-price=\"5800000\" rel=\"nofollow\" class=\"wp-block-button__link  add_to_cart_button\">Ch\u1ecdn<\/a><\/div>\n\t\t\t<\/li><li class=\"wc-block-grid__product\">\n\t\t\t\t<a href=\"https:\/\/jaybillards.azdigi.shop\/?product=gay-bi-a-peri-p-d10\" class=\"wc-block-grid__product-link\">\n\t\t\t\t\t\n\t\t\t\t\t<div class=\"wc-block-grid__product-image\"><img loading=\"lazy\" decoding=\"async\" width=\"300\" height=\"300\" src=\"https:\/\/jaybillards.azdigi.shop\/wp-content\/uploads\/2026\/03\/1-300x300.png\" class=\"attachment-woocommerce_thumbnail size-woocommerce_thumbnail\" alt=\"G\u1eady Bi a Peri P-D10\" srcset=\"https:\/\/jaybillards.azdigi.shop\/wp-content\/uploads\/2026\/03\/1-300x300.png 300w, https:\/\/jaybillards.azdigi.shop\/wp-content\/uploads\/2026\/03\/1-1024x1024.png 1024w, https:\/\/jaybillards.azdigi.shop\/wp-content\/uploads\/2026\/03\/1-150x150.png 150w, https:\/\/jaybillards.azdigi.shop\/wp-content\/uploads\/2026\/03\/1-768x768.png 768w, https:\/\/jaybillards.azdigi.shop\/wp-content\/uploads\/2026\/03\/1-1536x1536.png 1536w, https:\/\/jaybillards.azdigi.shop\/wp-content\/uploads\/2026\/03\/1-600x600.png 600w, https:\/\/jaybillards.azdigi.shop\/wp-content\/uploads\/2026\/03\/1-100x100.png 100w, https:\/\/jaybillards.azdigi.shop\/wp-content\/uploads\/2026\/03\/1.png 1600w\" sizes=\"auto, (max-width: 300px) 100vw, 300px\" \/><\/div>\n\t\t\t\t\t<div class=\"wc-block-grid__product-title\">G\u1eady Bi a Peri P-D10<\/div>\n\t\t\t\t<\/a>\n\t\t\t\t<div class=\"wc-block-grid__product-price price\"><span class=\"woocommerce-Price-amount amount\" aria-hidden=\"true\">6.300.000&nbsp;<span class=\"woocommerce-Price-currencySymbol\">&#8363;<\/span><\/span> <span aria-hidden=\"true\">&ndash;<\/span> <span class=\"woocommerce-Price-amount amount\" aria-hidden=\"true\">7.000.000&nbsp;<span class=\"woocommerce-Price-currencySymbol\">&#8363;<\/span><\/span><span class=\"screen-reader-text\">Kho\u1ea3ng gi\u00e1: t\u1eeb 6.300.000&nbsp;&#8363; \u0111\u1ebfn 7.000.000&nbsp;&#8363;<\/span><\/div>\n\t\t\t\t\n\t\t\t\t<div class=\"wp-block-button wc-block-grid__product-add-to-cart\"><a href=\"https:\/\/jaybillards.azdigi.shop\/?product=gay-bi-a-peri-p-d10\" aria-label=\"L\u1ef1a ch\u1ecdn cho &ldquo;G\u1eady Bi a Peri P-D10&rdquo;\" data-quantity=\"1\" data-product_id=\"650\" data-product_sku=\"\" data-price=\"6300000\" rel=\"nofollow\" class=\"wp-block-button__link  add_to_cart_button\">Ch\u1ecdn<\/a><\/div>\n\t\t\t<\/li><li class=\"wc-block-grid__product\">\n\t\t\t\t<a href=\"https:\/\/jaybillards.azdigi.shop\/?product=gay-nhay-cuetec-propel-do\" class=\"wc-block-grid__product-link\">\n\t\t\t\t\t\n\t\t\t\t\t<div class=\"wc-block-grid__product-image\"><img loading=\"lazy\" decoding=\"async\" width=\"300\" height=\"300\" src=\"https:\/\/jaybillards.azdigi.shop\/wp-content\/uploads\/2026\/03\/1-9-300x300.png\" class=\"attachment-woocommerce_thumbnail size-woocommerce_thumbnail\" alt=\"G\u1eady nh\u1ea3y Cuetec Propel \u0110\u1ecf\" srcset=\"https:\/\/jaybillards.azdigi.shop\/wp-content\/uploads\/2026\/03\/1-9-300x300.png 300w, https:\/\/jaybillards.azdigi.shop\/wp-content\/uploads\/2026\/03\/1-9-1024x1024.png 1024w, https:\/\/jaybillards.azdigi.shop\/wp-content\/uploads\/2026\/03\/1-9-150x150.png 150w, https:\/\/jaybillards.azdigi.shop\/wp-content\/uploads\/2026\/03\/1-9-768x768.png 768w, https:\/\/jaybillards.azdigi.shop\/wp-content\/uploads\/2026\/03\/1-9-1536x1536.png 1536w, https:\/\/jaybillards.azdigi.shop\/wp-content\/uploads\/2026\/03\/1-9-600x600.png 600w, https:\/\/jaybillards.azdigi.shop\/wp-content\/uploads\/2026\/03\/1-9-100x100.png 100w, https:\/\/jaybillards.azdigi.shop\/wp-content\/uploads\/2026\/03\/1-9.png 1600w\" sizes=\"auto, (max-width: 300px) 100vw, 300px\" \/><\/div>\n\t\t\t\t\t<div class=\"wc-block-grid__product-title\">G\u1eady nh\u1ea3y Cuetec Propel \u0110\u1ecf<\/div>\n\t\t\t\t<\/a>\n\t\t\t\t<div class=\"wc-block-grid__product-price price\"><span class=\"woocommerce-Price-amount amount\" aria-hidden=\"true\">13.500.000&nbsp;<span class=\"woocommerce-Price-currencySymbol\">&#8363;<\/span><\/span> <span aria-hidden=\"true\">&ndash;<\/span> <span class=\"woocommerce-Price-amount amount\" aria-hidden=\"true\">14.000.000&nbsp;<span class=\"woocommerce-Price-currencySymbol\">&#8363;<\/span><\/span><span class=\"screen-reader-text\">Kho\u1ea3ng gi\u00e1: t\u1eeb 13.500.000&nbsp;&#8363; \u0111\u1ebfn 14.000.000&nbsp;&#8363;<\/span><\/div>\n\t\t\t\t\n\t\t\t\t<div class=\"wp-block-button wc-block-grid__product-add-to-cart\"><a href=\"https:\/\/jaybillards.azdigi.shop\/?product=gay-nhay-cuetec-propel-do\" aria-label=\"L\u1ef1a ch\u1ecdn cho &ldquo;G\u1eady nh\u1ea3y Cuetec Propel \u0110\u1ecf&rdquo;\" data-quantity=\"1\" data-product_id=\"643\" data-product_sku=\"\" data-price=\"13500000\" rel=\"nofollow\" class=\"wp-block-button__link  add_to_cart_button\">Ch\u1ecdn<\/a><\/div>\n\t\t\t<\/li><\/ul><\/div><\/div>\n<\/div>\n","protected":false},"excerpt":{"rendered":"","protected":false},"author":1,"featured_media":0,"parent":0,"menu_order":0,"comment_status":"closed","ping_status":"closed","template":"","meta":{"footnotes":""},"class_list":["post-275","page","type-page","status-publish","hentry"],"yoast_head":"<!-- This site is optimized with the Yoast SEO plugin v27.2 - https:\/\/yoast.com\/product\/yoast-seo-wordpress\/ -->\n<title>Gi\u1ecf h\u00e0ng - Jay Billiards - Chuy\u00ean g\u1eady Bida ch\u00ednh h\u00e3ng gi\u00e1 t\u1ed1t<\/title>\n<meta name=\"robots\" content=\"index, follow, max-snippet:-1, max-image-preview:large, max-video-preview:-1\" \/>\n<link rel=\"canonical\" href=\"https:\/\/jaybillards.azdigi.shop\/?page_id=275\" \/>\n<meta property=\"og:locale\" content=\"vi_VN\" \/>\n<meta property=\"og:type\" content=\"article\" \/>\n<meta property=\"og:title\" content=\"Gi\u1ecf h\u00e0ng - Jay Billiards - Chuy\u00ean g\u1eady Bida ch\u00ednh h\u00e3ng gi\u00e1 t\u1ed1t\" \/>\n<meta property=\"og:url\" content=\"https:\/\/jaybillards.azdigi.shop\/?page_id=275\" \/>\n<meta property=\"og:site_name\" content=\"Jay Billiards - Chuy\u00ean g\u1eady Bida ch\u00ednh h\u00e3ng gi\u00e1 t\u1ed1t\" \/>\n<meta property=\"article:modified_time\" content=\"2026-03-26T18:02:04+00:00\" \/>\n<meta name=\"twitter:card\" content=\"summary_large_image\" \/>\n<script type=\"application\/ld+json\" class=\"yoast-schema-graph\">{\"@context\":\"https:\/\/schema.org\",\"@graph\":[{\"@type\":\"WebPage\",\"@id\":\"https:\/\/jaybillards.azdigi.shop\/?page_id=275\",\"url\":\"https:\/\/jaybillards.azdigi.shop\/?page_id=275\",\"name\":\"Gi\u1ecf h\u00e0ng - Jay Billiards - Chuy\u00ean g\u1eady Bida ch\u00ednh h\u00e3ng gi\u00e1 t\u1ed1t\",\"isPartOf\":{\"@id\":\"https:\/\/jaybillards.azdigi.shop\/#website\"},\"datePublished\":\"2026-03-26T09:40:36+00:00\",\"dateModified\":\"2026-03-26T18:02:04+00:00\",\"breadcrumb\":{\"@id\":\"https:\/\/jaybillards.azdigi.shop\/?page_id=275#breadcrumb\"},\"inLanguage\":\"vi\",\"potentialAction\":[{\"@type\":\"ReadAction\",\"target\":[\"https:\/\/jaybillards.azdigi.shop\/?page_id=275\"]}]},{\"@type\":\"BreadcrumbList\",\"@id\":\"https:\/\/jaybillards.azdigi.shop\/?page_id=275#breadcrumb\",\"itemListElement\":[{\"@type\":\"ListItem\",\"position\":1,\"name\":\"Trang ch\u1ee7\",\"item\":\"https:\/\/jaybillards.azdigi.shop\/\"},{\"@type\":\"ListItem\",\"position\":2,\"name\":\"Gi\u1ecf h\u00e0ng\"}]},{\"@type\":\"WebSite\",\"@id\":\"https:\/\/jaybillards.azdigi.shop\/#website\",\"url\":\"https:\/\/jaybillards.azdigi.shop\/\",\"name\":\"Jay Billiards - Chuy\u00ean g\u1eady Bida ch\u00ednh h\u00e3ng gi\u00e1 t\u1ed1t\",\"description\":\"\",\"potentialAction\":[{\"@type\":\"SearchAction\",\"target\":{\"@type\":\"EntryPoint\",\"urlTemplate\":\"https:\/\/jaybillards.azdigi.shop\/?s={search_term_string}\"},\"query-input\":{\"@type\":\"PropertyValueSpecification\",\"valueRequired\":true,\"valueName\":\"search_term_string\"}}],\"inLanguage\":\"vi\"}]}<\/script>\n<!-- \/ Yoast SEO plugin. -->","yoast_head_json":{"title":"Gi\u1ecf h\u00e0ng - Jay Billiards - Chuy\u00ean g\u1eady Bida ch\u00ednh h\u00e3ng gi\u00e1 t\u1ed1t","robots":{"index":"index","follow":"follow","max-snippet":"max-snippet:-1","max-image-preview":"max-image-preview:large","max-video-preview":"max-video-preview:-1"},"canonical":"https:\/\/jaybillards.azdigi.shop\/?page_id=275","og_locale":"vi_VN","og_type":"article","og_title":"Gi\u1ecf h\u00e0ng - Jay Billiards - Chuy\u00ean g\u1eady Bida ch\u00ednh h\u00e3ng gi\u00e1 t\u1ed1t","og_url":"https:\/\/jaybillards.azdigi.shop\/?page_id=275","og_site_name":"Jay Billiards - Chuy\u00ean g\u1eady Bida ch\u00ednh h\u00e3ng gi\u00e1 t\u1ed1t","article_modified_time":"2026-03-26T18:02:04+00:00","twitter_card":"summary_large_image","schema":{"@context":"https:\/\/schema.org","@graph":[{"@type":"WebPage","@id":"https:\/\/jaybillards.azdigi.shop\/?page_id=275","url":"https:\/\/jaybillards.azdigi.shop\/?page_id=275","name":"Gi\u1ecf h\u00e0ng - Jay Billiards - Chuy\u00ean g\u1eady Bida ch\u00ednh h\u00e3ng gi\u00e1 t\u1ed1t","isPartOf":{"@id":"https:\/\/jaybillards.azdigi.shop\/#website"},"datePublished":"2026-03-26T09:40:36+00:00","dateModified":"2026-03-26T18:02:04+00:00","breadcrumb":{"@id":"https:\/\/jaybillards.azdigi.shop\/?page_id=275#breadcrumb"},"inLanguage":"vi","potentialAction":[{"@type":"ReadAction","target":["https:\/\/jaybillards.azdigi.shop\/?page_id=275"]}]},{"@type":"BreadcrumbList","@id":"https:\/\/jaybillards.azdigi.shop\/?page_id=275#breadcrumb","itemListElement":[{"@type":"ListItem","position":1,"name":"Trang ch\u1ee7","item":"https:\/\/jaybillards.azdigi.shop\/"},{"@type":"ListItem","position":2,"name":"Gi\u1ecf h\u00e0ng"}]},{"@type":"WebSite","@id":"https:\/\/jaybillards.azdigi.shop\/#website","url":"https:\/\/jaybillards.azdigi.shop\/","name":"Jay Billiards - Chuy\u00ean g\u1eady Bida ch\u00ednh h\u00e3ng gi\u00e1 t\u1ed1t","description":"","potentialAction":[{"@type":"SearchAction","target":{"@type":"EntryPoint","urlTemplate":"https:\/\/jaybillards.azdigi.shop\/?s={search_term_string}"},"query-input":{"@type":"PropertyValueSpecification","valueRequired":true,"valueName":"search_term_string"}}],"inLanguage":"vi"}]}},"_links":{"self":[{"href":"https:\/\/jaybillards.azdigi.shop\/index.php?rest_route=\/wp\/v2\/pages\/275","targetHints":{"allow":["GET"]}}],"collection":[{"href":"https:\/\/jaybillards.azdigi.shop\/index.php?rest_route=\/wp\/v2\/pages"}],"about":[{"href":"https:\/\/jaybillards.azdigi.shop\/index.php?rest_route=\/wp\/v2\/types\/page"}],"author":[{"embeddable":true,"href":"https:\/\/jaybillards.azdigi.shop\/index.php?rest_route=\/wp\/v2\/users\/1"}],"replies":[{"embeddable":true,"href":"https:\/\/jaybillards.azdigi.shop\/index.php?rest_route=%2Fwp%2Fv2%2Fcomments&post=275"}],"version-history":[{"count":1,"href":"https:\/\/jaybillards.azdigi.shop\/index.php?rest_route=\/wp\/v2\/pages\/275\/revisions"}],"predecessor-version":[{"id":447,"href":"https:\/\/jaybillards.azdigi.shop\/index.php?rest_route=\/wp\/v2\/pages\/275\/revisions\/447"}],"wp:attachment":[{"href":"https:\/\/jaybillards.azdigi.shop\/index.php?rest_route=%2Fwp%2Fv2%2Fmedia&parent=275"}],"curies":[{"name":"wp","href":"https:\/\/api.w.org\/{rel}","templated":true}]}}